Last updated on 2022-08-15 08:50:06 CEST.
Flavor | Version | Tinstall | Tcheck | Ttotal | Status | Flags |
---|---|---|---|---|---|---|
r-devel-linux-x86_64-debian-clang | 0.1.0 | 6.97 | 58.56 | 65.53 | NOTE | |
r-devel-linux-x86_64-debian-gcc | 0.1.0 | 5.49 | 43.64 | 49.13 | NOTE | |
r-devel-linux-x86_64-fedora-clang | 0.1.0 | 87.18 | NOTE | |||
r-devel-linux-x86_64-fedora-gcc | 0.1.0 | 84.08 | NOTE | |||
r-devel-windows-x86_64 | 0.1.0 | 18.00 | 81.00 | 99.00 | NOTE | |
r-patched-linux-x86_64 | 0.1.0 | 3.98 | 55.46 | 59.44 | NOTE | |
r-release-linux-x86_64 | 0.1.0 | 5.59 | 54.58 | 60.17 | NOTE | |
r-release-macos-arm64 | 0.1.0 | 23.00 | NOTE | |||
r-release-macos-x86_64 | 0.1.0 | 44.00 | NOTE | |||
r-release-windows-x86_64 | 0.1.0 | 18.00 | 80.00 | 98.00 | NOTE | |
r-oldrel-macos-arm64 | 0.1.0 | 29.00 | NOTE | |||
r-oldrel-macos-x86_64 | 0.1.0 | 34.00 | NOTE | |||
r-oldrel-windows-ix86+x86_64 | 0.1.0 | 16.00 | 73.00 | 89.00 | NOTE |
Version: 0.1.0
Check: LazyData
Result: NOTE
'LazyData' is specified without a 'data' directory
Flavors: r-devel-linux-x86_64-debian-clang, r-devel-linux-x86_64-debian-gcc, r-devel-linux-x86_64-fedora-clang, r-devel-linux-x86_64-fedora-gcc, r-devel-windows-x86_64, r-patched-linux-x86_64, r-release-linux-x86_64, r-release-macos-arm64, r-release-macos-x86_64, r-release-windows-x86_64, r-oldrel-macos-arm64, r-oldrel-macos-x86_64, r-oldrel-windows-ix86+x86_64