Last updated on 2022-08-15 08:50:06 CEST.
Flavor | Version | Tinstall | Tcheck | Ttotal | Status | Flags |
---|---|---|---|---|---|---|
r-devel-linux-x86_64-debian-clang | 0.2.0 | 5.91 | 55.60 | 61.51 | NOTE | |
r-devel-linux-x86_64-debian-gcc | 0.2.0 | 4.87 | 41.69 | 46.56 | NOTE | |
r-devel-linux-x86_64-fedora-clang | 0.2.0 | 83.47 | NOTE | |||
r-devel-linux-x86_64-fedora-gcc | 0.2.0 | 80.39 | NOTE | |||
r-devel-windows-x86_64 | 0.2.0 | 12.00 | 81.00 | 93.00 | NOTE | |
r-patched-linux-x86_64 | 0.2.0 | 3.69 | 50.83 | 54.52 | OK | |
r-release-linux-x86_64 | 0.2.0 | 4.63 | 52.48 | 57.11 | OK | |
r-release-macos-arm64 | 0.2.0 | 22.00 | NOTE | |||
r-release-macos-x86_64 | 0.2.0 | 43.00 | NOTE | |||
r-release-windows-x86_64 | 0.2.0 | 14.00 | 83.00 | 97.00 | OK | |
r-oldrel-macos-arm64 | 0.2.0 | 26.00 | NOTE | |||
r-oldrel-macos-x86_64 | 0.2.0 | 33.00 | NOTE | |||
r-oldrel-windows-ix86+x86_64 | 0.2.0 | 16.00 | 75.00 | 91.00 | OK |
Version: 0.2.0
Check: package subdirectories
Result: NOTE
Problems with news in 'NEWS.md':
No news entries found.
Flavors: r-devel-linux-x86_64-debian-clang, r-devel-linux-x86_64-debian-gcc, r-devel-linux-x86_64-fedora-clang, r-devel-linux-x86_64-fedora-gcc, r-devel-windows-x86_64
Version: 0.2.0
Check: dependencies in R code
Result: NOTE
Namespace in Imports field not imported from: ‘sf’
All declared Imports should be used.
Flavors: r-devel-linux-x86_64-fedora-clang, r-devel-linux-x86_64-fedora-gcc, r-release-macos-arm64, r-release-macos-x86_64, r-oldrel-macos-arm64, r-oldrel-macos-x86_64