Last updated on 2022-08-15 08:50:06 CEST.
Flavor | Version | Tinstall | Tcheck | Ttotal | Status | Flags |
---|---|---|---|---|---|---|
r-devel-linux-x86_64-debian-clang | 1.0.0 | 34.39 | 352.13 | 386.52 | OK | |
r-devel-linux-x86_64-debian-gcc | 1.0.0 | 22.40 | 262.57 | 284.97 | OK | |
r-devel-linux-x86_64-fedora-clang | 1.0.0 | 448.15 | NOTE | |||
r-devel-linux-x86_64-fedora-gcc | 1.0.0 | 457.74 | NOTE | |||
r-devel-windows-x86_64 | 1.0.0 | 35.00 | 329.00 | 364.00 | NOTE | |
r-patched-linux-x86_64 | 1.0.0 | 27.32 | 348.17 | 375.49 | OK | |
r-release-linux-x86_64 | 1.0.0 | 25.94 | 341.77 | 367.71 | OK | |
r-release-macos-arm64 | 1.0.0 | 104.00 | NOTE | |||
r-release-macos-x86_64 | 1.0.0 | 147.00 | NOTE | |||
r-release-windows-x86_64 | 1.0.0 | 49.00 | 323.00 | 372.00 | NOTE | |
r-oldrel-macos-arm64 | 1.0.0 | 96.00 | NOTE | |||
r-oldrel-macos-x86_64 | 1.0.0 | 141.00 | NOTE | |||
r-oldrel-windows-ix86+x86_64 | 1.0.0 | 68.00 | 327.00 | 395.00 | NOTE |
Version: 1.0.0
Check: installed package size
Result: NOTE
installed size is 32.8Mb
sub-directories of 1Mb or more:
doc 3.8Mb
extdata 2.6Mb
java 26.1Mb
Flavors: r-devel-linux-x86_64-fedora-clang, r-devel-windows-x86_64, r-release-macos-arm64, r-release-macos-x86_64, r-release-windows-x86_64, r-oldrel-macos-arm64, r-oldrel-macos-x86_64, r-oldrel-windows-ix86+x86_64
Version: 1.0.0
Check: dependencies in R code
Result: NOTE
Namespace in Imports field not imported from: ‘rgdal’
All declared Imports should be used.
Flavors: r-devel-linux-x86_64-fedora-clang, r-devel-linux-x86_64-fedora-gcc, r-release-macos-arm64, r-release-macos-x86_64, r-oldrel-macos-arm64, r-oldrel-macos-x86_64