Last updated on 2022-08-15 08:50:06 CEST.
Flavor | Version | Tinstall | Tcheck | Ttotal | Status | Flags |
---|---|---|---|---|---|---|
r-devel-linux-x86_64-debian-clang | 1.2.1 | 3.13 | 39.87 | 43.00 | NOTE | |
r-devel-linux-x86_64-debian-gcc | 1.2.1 | 2.60 | 31.20 | 33.80 | NOTE | |
r-devel-linux-x86_64-fedora-clang | 1.2.1 | 63.60 | NOTE | |||
r-devel-linux-x86_64-fedora-gcc | 1.2.1 | 60.97 | NOTE | |||
r-devel-windows-x86_64 | 1.2.1 | 17.00 | 66.00 | 83.00 | NOTE | |
r-patched-linux-x86_64 | 1.2.1 | 3.75 | 38.92 | 42.67 | OK | |
r-release-linux-x86_64 | 1.2.1 | 3.40 | 38.70 | 42.10 | OK | |
r-release-macos-arm64 | 1.2.1 | 23.00 | OK | |||
r-release-macos-x86_64 | 1.2.1 | 29.00 | OK | |||
r-release-windows-x86_64 | 1.2.1 | 14.00 | 65.00 | 79.00 | OK | |
r-oldrel-macos-arm64 | 1.2.1 | 26.00 | OK | |||
r-oldrel-macos-x86_64 | 1.2.1 | 33.00 | OK | |||
r-oldrel-windows-ix86+x86_64 | 1.2.1 | 11.00 | 58.00 | 69.00 | OK |
Version: 1.2.1
Check: package subdirectories
Result: NOTE
Problems with news in 'NEWS.md':
No news entries found.
Flavors: r-devel-linux-x86_64-debian-clang, r-devel-linux-x86_64-debian-gcc, r-devel-linux-x86_64-fedora-clang, r-devel-linux-x86_64-fedora-gcc, r-devel-windows-x86_64