Last updated on 2022-08-15 08:50:06 CEST.
Flavor | Version | Tinstall | Tcheck | Ttotal | Status | Flags |
---|---|---|---|---|---|---|
r-devel-linux-x86_64-debian-clang | 0.2.2 | 8.90 | 104.95 | 113.85 | OK | |
r-devel-linux-x86_64-debian-gcc | 0.2.2 | 7.43 | 79.25 | 86.68 | OK | |
r-devel-linux-x86_64-fedora-clang | 0.2.2 | 144.91 | NOTE | |||
r-devel-linux-x86_64-fedora-gcc | 0.2.2 | 141.76 | NOTE | |||
r-devel-windows-x86_64 | 0.2.2 | 19.00 | 139.00 | 158.00 | OK | |
r-patched-linux-x86_64 | 0.2.2 | 7.70 | 100.41 | 108.11 | OK | |
r-release-linux-x86_64 | 0.2.2 | 7.16 | 98.06 | 105.22 | OK | |
r-release-macos-arm64 | 0.2.2 | 39.00 | NOTE | |||
r-release-macos-x86_64 | 0.2.2 | 72.00 | NOTE | |||
r-release-windows-x86_64 | 0.2.2 | 23.00 | 138.00 | 161.00 | OK | |
r-oldrel-macos-arm64 | 0.2.2 | 100.00 | NOTE | |||
r-oldrel-macos-x86_64 | 0.2.2 | 65.00 | NOTE | |||
r-oldrel-windows-ix86+x86_64 | 0.2.2 | 24.00 | 124.00 | 148.00 | OK |
Version: 0.2.2
Check: dependencies in R code
Result: NOTE
Namespaces in Imports field not imported from:
‘leaflet’ ‘pals’ ‘raster’ ‘sp’
All declared Imports should be used.
Flavors: r-devel-linux-x86_64-fedora-clang, r-devel-linux-x86_64-fedora-gcc, r-release-macos-arm64, r-release-macos-x86_64, r-oldrel-macos-arm64, r-oldrel-macos-x86_64