Last updated on 2022-08-15 08:50:06 CEST.
Flavor | Version | Tinstall | Tcheck | Ttotal | Status | Flags |
---|---|---|---|---|---|---|
r-devel-linux-x86_64-debian-clang | 0.5-9 | 19.26 | 74.07 | 93.33 | OK | |
r-devel-linux-x86_64-debian-gcc | 0.5-9 | 14.47 | 55.94 | 70.41 | OK | |
r-devel-linux-x86_64-fedora-clang | 0.5-9 | 120.44 | OK | |||
r-devel-linux-x86_64-fedora-gcc | 0.5-9 | 117.74 | OK | |||
r-devel-windows-x86_64 | 0.5-9 | 88.00 | 146.00 | 234.00 | OK | |
r-patched-linux-x86_64 | 0.5-9 | 16.08 | 70.40 | 86.48 | OK | |
r-release-linux-x86_64 | 0.5-9 | 14.84 | 70.41 | 85.25 | OK | |
r-release-macos-arm64 | 0.5-9 | 42.00 | NOTE | |||
r-release-macos-x86_64 | 0.5-9 | 54.00 | OK | |||
r-release-windows-x86_64 | 0.5-9 | 96.00 | 149.00 | 245.00 | OK | |
r-oldrel-macos-arm64 | 0.5-9 | 48.00 | NOTE | |||
r-oldrel-macos-x86_64 | 0.5-9 | 57.00 | NOTE | |||
r-oldrel-windows-ix86+x86_64 | 0.5-9 | 80.00 | 157.00 | 237.00 | NOTE |
Version: 0.5-9
Check: installed package size
Result: NOTE
installed size is 34.3Mb
sub-directories of 1Mb or more:
libs 33.3Mb
Flavors: r-release-macos-arm64, r-oldrel-macos-arm64, r-oldrel-macos-x86_64, r-oldrel-windows-ix86+x86_64