Last updated on 2022-08-15 08:50:06 CEST.
Flavor | Version | Tinstall | Tcheck | Ttotal | Status | Flags |
---|---|---|---|---|---|---|
r-devel-linux-x86_64-debian-clang | 1.1.0 | 2.97 | 35.37 | 38.34 | NOTE | |
r-devel-linux-x86_64-debian-gcc | 1.1.0 | 2.75 | 27.48 | 30.23 | NOTE | |
r-devel-linux-x86_64-fedora-clang | 1.1.0 | 57.70 | NOTE | |||
r-devel-linux-x86_64-fedora-gcc | 1.1.0 | 59.01 | NOTE | |||
r-devel-windows-x86_64 | 1.1.0 | 26.00 | 71.00 | 97.00 | OK | |
r-patched-linux-x86_64 | 1.1.0 | 3.69 | 34.07 | 37.76 | OK | |
r-release-linux-x86_64 | 1.1.0 | 2.38 | 33.92 | 36.30 | OK | |
r-release-macos-arm64 | 1.1.0 | 21.00 | OK | |||
r-release-macos-x86_64 | 1.1.0 | 31.00 | OK | |||
r-release-windows-x86_64 | 1.1.0 | 32.00 | 59.00 | 91.00 | OK | |
r-oldrel-macos-arm64 | 1.1.0 | 20.00 | OK | |||
r-oldrel-macos-x86_64 | 1.1.0 | 28.00 | OK | |||
r-oldrel-windows-ix86+x86_64 | 1.1.0 | 11.00 | 51.00 | 62.00 | OK |
Version: 1.1.0
Check: HTML version of manual
Result: NOTE
Found the following HTML validation problems:
build_js.html:51:53: Warning: inserting implicit <p>
build_js.html:54:76: Warning: inserting implicit <p>
build_js.html:57:78: Warning: inserting implicit <p>
build_js.html:60:85: Warning: inserting implicit <p>
build_js.html:51:53: Warning: trimming empty <p>
build_js.html:54:76: Warning: trimming empty <p>
build_js.html:57:78: Warning: trimming empty <p>
build_js.html:60:85: Warning: trimming empty <p>
lint_js.html:54:106: Warning: inserting implicit <p>
lint_js.html:54:106: Warning: trimming empty <p>
Flavors: r-devel-linux-x86_64-debian-clang, r-devel-linux-x86_64-debian-gcc, r-devel-linux-x86_64-fedora-clang, r-devel-linux-x86_64-fedora-gcc