Last updated on 2022-08-15 08:50:06 CEST.
Flavor | Version | Tinstall | Tcheck | Ttotal | Status | Flags |
---|---|---|---|---|---|---|
r-devel-linux-x86_64-debian-clang | 0.3.2 | 7.32 | 62.35 | 69.67 | OK | |
r-devel-linux-x86_64-debian-gcc | 0.3.2 | 5.52 | 46.51 | 52.03 | OK | |
r-devel-linux-x86_64-fedora-clang | 0.3.2 | 93.37 | NOTE | |||
r-devel-linux-x86_64-fedora-gcc | 0.3.2 | 87.71 | NOTE | |||
r-devel-windows-x86_64 | 0.3.2 | 21.00 | 87.00 | 108.00 | OK | |
r-patched-linux-x86_64 | 0.3.2 | 4.08 | 58.26 | 62.34 | OK | |
r-release-linux-x86_64 | 0.3.2 | 4.90 | 57.58 | 62.48 | OK | |
r-release-macos-arm64 | 0.3.2 | 5.00 | ERROR | |||
r-release-macos-x86_64 | 0.3.2 | 39.00 | NOTE | |||
r-release-windows-x86_64 | 0.3.2 | 20.00 | 82.00 | 102.00 | OK | |
r-oldrel-macos-arm64 | 0.3.2 | 25.00 | NOTE | |||
r-oldrel-macos-x86_64 | 0.3.2 | 38.00 | NOTE | |||
r-oldrel-windows-ix86+x86_64 | 0.3.2 | 32.00 | 79.00 | 111.00 | OK |
Version: 0.3.2
Check: dependencies in R code
Result: NOTE
Namespace in Imports field not imported from: ‘MASS’
All declared Imports should be used.
Flavors: r-devel-linux-x86_64-fedora-clang, r-devel-linux-x86_64-fedora-gcc, r-release-macos-x86_64, r-oldrel-macos-arm64, r-oldrel-macos-x86_64
Version: 0.3.2
Check: package dependencies
Result: ERROR
Package required but not available: ‘dbarts’
See section ‘The DESCRIPTION file’ in the ‘Writing R Extensions’
manual.
Flavor: r-release-macos-arm64