Last updated on 2022-08-15 08:50:06 CEST.
Flavor | Version | Tinstall | Tcheck | Ttotal | Status | Flags |
---|---|---|---|---|---|---|
r-devel-linux-x86_64-debian-clang | 0.3.5 | 2.67 | 27.82 | 30.49 | NOTE | |
r-devel-linux-x86_64-debian-gcc | 0.3.5 | 2.14 | 22.00 | 24.14 | NOTE | |
r-devel-linux-x86_64-fedora-clang | 0.3.5 | 47.61 | NOTE | |||
r-devel-linux-x86_64-fedora-gcc | 0.3.5 | 45.76 | NOTE | |||
r-devel-windows-x86_64 | 0.3.5 | 30.00 | 59.00 | 89.00 | NOTE | |
r-patched-linux-x86_64 | 0.3.5 | 2.80 | 26.87 | 29.67 | NOTE | |
r-release-linux-x86_64 | 0.3.5 | 2.22 | 27.28 | 29.50 | NOTE | |
r-release-macos-arm64 | 0.3.5 | 17.00 | NOTE | |||
r-release-macos-x86_64 | 0.3.5 | 23.00 | NOTE | |||
r-release-windows-x86_64 | 0.3.5 | 34.00 | 58.00 | 92.00 | NOTE | |
r-oldrel-macos-arm64 | 0.3.5 | 23.00 | NOTE | |||
r-oldrel-macos-x86_64 | 0.3.5 | 29.00 | NOTE | |||
r-oldrel-windows-ix86+x86_64 | 0.3.5 | 5.00 | 44.00 | 49.00 | NOTE |
Version: 0.3.5
Check: LazyData
Result: NOTE
'LazyData' is specified without a 'data' directory
Flavors: r-devel-linux-x86_64-debian-clang, r-devel-linux-x86_64-debian-gcc, r-devel-linux-x86_64-fedora-clang, r-devel-linux-x86_64-fedora-gcc, r-devel-windows-x86_64, r-patched-linux-x86_64, r-release-linux-x86_64, r-release-macos-arm64, r-release-macos-x86_64, r-release-windows-x86_64, r-oldrel-macos-arm64, r-oldrel-macos-x86_64, r-oldrel-windows-ix86+x86_64