Last updated on 2022-08-15 08:50:06 CEST.
Flavor | Version | Tinstall | Tcheck | Ttotal | Status | Flags |
---|---|---|---|---|---|---|
r-devel-linux-x86_64-debian-clang | 1.4.2.2 | 21.13 | 43.94 | 65.07 | NOTE | |
r-devel-linux-x86_64-debian-gcc | 1.4.2.2 | 16.97 | 33.93 | 50.90 | NOTE | |
r-devel-linux-x86_64-fedora-clang | 1.4.2.2 | 99.40 | NOTE | |||
r-devel-linux-x86_64-fedora-gcc | 1.4.2.2 | 88.06 | NOTE | |||
r-patched-linux-x86_64 | 1.4.2.2 | 22.74 | 40.12 | 62.86 | NOTE | |
r-release-linux-x86_64 | 1.4.2.2 | 18.96 | 41.15 | 60.11 | NOTE | |
r-release-macos-arm64 | 1.4.2.2 | 31.00 | NOTE | |||
r-release-macos-x86_64 | 1.4.2.2 | 40.00 | NOTE | |||
r-oldrel-macos-arm64 | 1.4.2.2 | 38.00 | NOTE | |||
r-oldrel-macos-x86_64 | 1.4.2.2 | 53.00 | NOTE |
Version: 1.4.2.2
Check: LazyData
Result: NOTE
'LazyData' is specified without a 'data' directory
Flavors: r-devel-linux-x86_64-debian-clang, r-devel-linux-x86_64-debian-gcc, r-devel-linux-x86_64-fedora-clang, r-devel-linux-x86_64-fedora-gcc, r-patched-linux-x86_64, r-release-linux-x86_64, r-release-macos-arm64, r-release-macos-x86_64, r-oldrel-macos-arm64, r-oldrel-macos-x86_64