Last updated on 2022-08-15 08:50:06 CEST.
Flavor | Version | Tinstall | Tcheck | Ttotal | Status | Flags |
---|---|---|---|---|---|---|
r-devel-linux-x86_64-debian-clang | 0.2.0 | 116.07 | 43.59 | 159.66 | OK | |
r-devel-linux-x86_64-debian-gcc | 0.2.0 | 98.24 | 33.54 | 131.78 | OK | |
r-devel-linux-x86_64-fedora-clang | 0.2.0 | 187.12 | OK | |||
r-devel-linux-x86_64-fedora-gcc | 0.2.0 | 220.09 | OK | |||
r-devel-windows-x86_64 | 0.2.0 | 126.00 | 101.00 | 227.00 | NOTE | |
r-patched-linux-x86_64 | 0.2.0 | 108.23 | 40.24 | 148.47 | OK | |
r-release-linux-x86_64 | 0.2.0 | 105.89 | 41.75 | 147.64 | OK | |
r-release-macos-arm64 | 0.2.0 | 53.00 | NOTE | |||
r-release-macos-x86_64 | 0.2.0 | 66.00 | NOTE | |||
r-release-windows-x86_64 | 0.2.0 | 111.00 | 99.00 | 210.00 | NOTE | |
r-oldrel-macos-arm64 | 0.2.0 | 45.00 | NOTE | |||
r-oldrel-macos-x86_64 | 0.2.0 | 68.00 | NOTE | |||
r-oldrel-windows-ix86+x86_64 | 0.2.0 | 210.00 | 100.00 | 310.00 | NOTE |
Version: 0.2.0
Check: installed package size
Result: NOTE
installed size is 5.2Mb
sub-directories of 1Mb or more:
lemon 2.9Mb
libs 2.1Mb
Flavors: r-devel-windows-x86_64, r-release-macos-arm64, r-release-macos-x86_64, r-release-windows-x86_64, r-oldrel-macos-arm64, r-oldrel-macos-x86_64, r-oldrel-windows-ix86+x86_64