Last updated on 2022-08-15 08:50:06 CEST.
Flavor | Version | Tinstall | Tcheck | Ttotal | Status | Flags |
---|---|---|---|---|---|---|
r-devel-linux-x86_64-debian-clang | 1.1.1 | 22.94 | 90.72 | 113.66 | NOTE | |
r-devel-linux-x86_64-debian-gcc | 1.1.1 | 15.48 | 66.43 | 81.91 | NOTE | |
r-devel-linux-x86_64-fedora-clang | 1.1.1 | 149.18 | NOTE | |||
r-devel-linux-x86_64-fedora-gcc | 1.1.1 | 150.31 | NOTE | |||
r-devel-windows-x86_64 | 1.1.1 | 35.00 | 152.00 | 187.00 | OK | |
r-patched-linux-x86_64 | 1.1.1 | 16.73 | 82.59 | 99.32 | OK | |
r-release-linux-x86_64 | 1.1.1 | 16.47 | 82.42 | 98.89 | OK | |
r-release-macos-arm64 | 1.1.1 | 35.00 | OK | |||
r-release-macos-x86_64 | 1.1.1 | 75.00 | OK | |||
r-release-windows-x86_64 | 1.1.1 | 32.00 | 148.00 | 180.00 | OK | |
r-oldrel-macos-arm64 | 1.1.1 | 46.00 | OK | |||
r-oldrel-macos-x86_64 | 1.1.1 | 57.00 | OK | |||
r-oldrel-windows-ix86+x86_64 | 1.1.1 | 56.00 | 177.00 | 233.00 | OK |
Version: 1.1.1
Check: HTML version of manual
Result: NOTE
Found the following HTML validation problems:
theta.html:19:1: Warning: missing </h2> before <p>
theta.html:22:1: Warning: discarding unexpected </h2>
Flavors: r-devel-linux-x86_64-debian-clang, r-devel-linux-x86_64-debian-gcc, r-devel-linux-x86_64-fedora-clang, r-devel-linux-x86_64-fedora-gcc