Last updated on 2022-08-15 08:50:06 CEST.
Flavor | Version | Tinstall | Tcheck | Ttotal | Status | Flags |
---|---|---|---|---|---|---|
r-devel-linux-x86_64-debian-clang | 0.1.13 | 1206.72 | 192.83 | 1399.55 | NOTE | |
r-devel-linux-x86_64-debian-gcc | 0.1.13 | 1128.45 | 195.50 | 1323.95 | NOTE | |
r-devel-linux-x86_64-fedora-clang | 0.1.13 | 1724.55 | NOTE | |||
r-devel-linux-x86_64-fedora-gcc | 0.1.13 | 2360.11 | NOTE | |||
r-devel-windows-x86_64 | 0.1.13 | 779.00 | 333.00 | 1112.00 | NOTE | |
r-patched-linux-x86_64 | 0.1.13 | 904.31 | 260.00 | 1164.31 | NOTE | |
r-release-linux-x86_64 | 0.1.13 | 0.02 | 2.91 | 2.93 | ERROR | |
r-release-macos-arm64 | 0.1.13 | 486.00 | NOTE | |||
r-release-macos-x86_64 | 0.1.13 | 791.00 | NOTE | |||
r-release-windows-x86_64 | 0.1.13 | 1107.00 | 332.00 | 1439.00 | NOTE | |
r-oldrel-macos-arm64 | 0.1.13 | 463.00 | NOTE | |||
r-oldrel-macos-x86_64 | 0.1.13 | 577.00 | NOTE | |||
r-oldrel-windows-ix86+x86_64 | 0.1.13 | 2795.00 | 428.00 | 3223.00 | NOTE |
Version: 0.1.13
Check: for GNU extensions in Makefiles
Result: NOTE
GNU make is a SystemRequirements.
Flavors: r-devel-linux-x86_64-debian-clang, r-devel-linux-x86_64-debian-gcc, r-devel-linux-x86_64-fedora-clang, r-devel-linux-x86_64-fedora-gcc, r-devel-windows-x86_64, r-patched-linux-x86_64, r-release-macos-arm64, r-release-macos-x86_64, r-release-windows-x86_64, r-oldrel-macos-arm64, r-oldrel-macos-x86_64, r-oldrel-windows-ix86+x86_64
Version: 0.1.13
Check: HTML version of manual
Result: NOTE
Found the following HTML validation problems:
rmHDI.html:230:38: Warning: nested emphasis <code>
rmHDI.html:234:38: Warning: nested emphasis <code>
Flavors: r-devel-linux-x86_64-debian-clang, r-devel-linux-x86_64-debian-gcc, r-devel-linux-x86_64-fedora-clang, r-devel-linux-x86_64-fedora-gcc
Version: 0.1.13
Check: installed package size
Result: NOTE
installed size is 11.7Mb
sub-directories of 1Mb or more:
libs 11.3Mb
Flavors: r-devel-linux-x86_64-fedora-clang, r-devel-windows-x86_64, r-release-macos-arm64, r-release-macos-x86_64, r-release-windows-x86_64, r-oldrel-macos-arm64, r-oldrel-macos-x86_64, r-oldrel-windows-ix86+x86_64
Version: 0.1.13
Check: dependencies in R code
Result: NOTE
Namespaces in Imports field not imported from:
‘RcppParallel’ ‘rstantools’
All declared Imports should be used.
Flavors: r-devel-linux-x86_64-fedora-clang, r-devel-linux-x86_64-fedora-gcc, r-release-macos-arm64, r-release-macos-x86_64, r-oldrel-macos-arm64, r-oldrel-macos-x86_64
Version: 0.1.13
Check: whether package can be installed
Result: ERROR
Installation failed.
Flavor: r-release-linux-x86_64