Last updated on 2022-08-15 08:50:06 CEST.
Flavor | Version | Tinstall | Tcheck | Ttotal | Status | Flags |
---|---|---|---|---|---|---|
r-devel-linux-x86_64-debian-clang | 1.1.0 | 4.63 | 50.15 | 54.78 | NOTE | |
r-devel-linux-x86_64-debian-gcc | 1.1.0 | 3.01 | 38.73 | 41.74 | NOTE | |
r-devel-linux-x86_64-fedora-clang | 1.1.0 | 77.12 | NOTE | |||
r-devel-linux-x86_64-fedora-gcc | 1.1.0 | 74.49 | NOTE | |||
r-devel-windows-x86_64 | 1.1.0 | 15.00 | 83.00 | 98.00 | NOTE | |
r-patched-linux-x86_64 | 1.1.0 | 4.60 | 47.53 | 52.13 | NOTE | |
r-release-linux-x86_64 | 1.1.0 | 4.53 | 47.96 | 52.49 | NOTE | |
r-release-macos-arm64 | 1.1.0 | 30.00 | NOTE | |||
r-release-macos-x86_64 | 1.1.0 | 43.00 | NOTE | |||
r-release-windows-x86_64 | 1.1.0 | 18.00 | 88.00 | 106.00 | NOTE | |
r-oldrel-macos-arm64 | 1.1.0 | 39.00 | NOTE | |||
r-oldrel-macos-x86_64 | 1.1.0 | 50.00 | NOTE | |||
r-oldrel-windows-ix86+x86_64 | 1.1.0 | 12.00 | 77.00 | 89.00 | NOTE |
Version: 1.1.0
Check: LazyData
Result: NOTE
'LazyData' is specified without a 'data' directory
Flavors: r-devel-linux-x86_64-debian-clang, r-devel-linux-x86_64-debian-gcc, r-devel-linux-x86_64-fedora-clang, r-devel-linux-x86_64-fedora-gcc, r-devel-windows-x86_64, r-patched-linux-x86_64, r-release-linux-x86_64, r-release-macos-arm64, r-release-macos-x86_64, r-release-windows-x86_64, r-oldrel-macos-arm64, r-oldrel-macos-x86_64, r-oldrel-windows-ix86+x86_64