Last updated on 2022-08-15 08:50:06 CEST.
Flavor | Version | Tinstall | Tcheck | Ttotal | Status | Flags |
---|---|---|---|---|---|---|
r-devel-linux-x86_64-debian-clang | 2.1.1 | 4.71 | 150.82 | 155.53 | NOTE | |
r-devel-linux-x86_64-debian-gcc | 2.1.1 | 3.25 | 110.36 | 113.61 | NOTE | |
r-devel-linux-x86_64-fedora-clang | 2.1.1 | 192.64 | NOTE | |||
r-devel-linux-x86_64-fedora-gcc | 2.1.1 | 201.67 | NOTE | |||
r-devel-windows-x86_64 | 2.1.1 | 33.00 | 178.00 | 211.00 | NOTE | |
r-patched-linux-x86_64 | 2.1.1 | 4.56 | 141.38 | 145.94 | OK | |
r-release-linux-x86_64 | 2.1.1 | 3.93 | 142.35 | 146.28 | OK | |
r-release-macos-arm64 | 2.1.1 | 55.00 | OK | |||
r-release-macos-x86_64 | 2.1.1 | 70.00 | OK | |||
r-release-windows-x86_64 | 2.1.1 | 37.00 | 174.00 | 211.00 | OK | |
r-oldrel-macos-arm64 | 2.1.1 | 62.00 | OK | |||
r-oldrel-macos-x86_64 | 2.1.1 | 68.00 | OK | |||
r-oldrel-windows-ix86+x86_64 | 2.1.1 | 10.00 | 181.00 | 191.00 | OK |
Version: 2.1.1
Check: package subdirectories
Result: NOTE
Problems with news in 'NEWS.md':
Cannot extract version info from the following section titles:
Previous version rmangal
Flavors: r-devel-linux-x86_64-debian-clang, r-devel-linux-x86_64-debian-gcc, r-devel-linux-x86_64-fedora-clang, r-devel-linux-x86_64-fedora-gcc, r-devel-windows-x86_64