Last updated on 2022-08-15 08:50:06 CEST.
Flavor | Version | Tinstall | Tcheck | Ttotal | Status | Flags |
---|---|---|---|---|---|---|
r-devel-linux-x86_64-debian-clang | 2.14 | 14.73 | 90.15 | 104.88 | NOTE | |
r-devel-linux-x86_64-debian-gcc | 2.14 | 8.48 | 67.96 | 76.44 | NOTE | |
r-devel-linux-x86_64-fedora-clang | 2.14 | 133.47 | NOTE | |||
r-devel-linux-x86_64-fedora-gcc | 2.14 | 137.35 | NOTE | |||
r-devel-windows-x86_64 | 2.14 | 279.00 | 114.00 | 393.00 | NOTE | |
r-patched-linux-x86_64 | 2.14 | 18.38 | 86.33 | 104.71 | OK | |
r-release-linux-x86_64 | 2.14 | 10.70 | 85.31 | 96.01 | OK | |
r-release-macos-arm64 | 2.14 | 47.00 | NOTE | |||
r-release-macos-x86_64 | 2.14 | 62.00 | NOTE | |||
r-release-windows-x86_64 | 2.14 | 307.00 | 123.00 | 430.00 | NOTE | |
r-oldrel-macos-arm64 | 2.14 | 44.00 | NOTE | |||
r-oldrel-macos-x86_64 | 2.14 | 69.00 | NOTE | |||
r-oldrel-windows-ix86+x86_64 | 2.14 | 27.00 | 103.00 | 130.00 | NOTE |
Version: 2.14
Check: HTML version of manual
Result: NOTE
Found the following HTML validation problems:
github_document.html:152:100: Warning: inserting implicit <p>
github_document.html:152:100: Warning: trimming empty <p>
html_document.html:244:45: Warning: inserting implicit <p>
html_document.html:399:100: Warning: inserting implicit <p>
html_document.html:423:83: Warning: inserting implicit <p>
html_document.html:434:63: Warning: inserting implicit <p>
html_document.html:442:136: Warning: inserting implicit <p>
html_document.html:244:45: Warning: trimming empty <p>
html_document.html:399:100: Warning: trimming empty <p>
html_document.html:423:83: Warning: trimming empty <p>
html_document.html:434:63: Warning: trimming empty <p>
html_document.html:442:136: Warning: trimming empty <p>
html_document_base.html:119:45: Warning: inserting implicit <p>
html_document_base.html:119:45: Warning: trimming empty <p>
html_notebook.html:192:45: Warning: inserting implicit <p>
html_notebook.html:192:45: Warning: trimming empty <p>
ioslides_presentation.html:181:45: Warning: inserting implicit <p>
ioslides_presentation.html:282:156: Warning: inserting implicit <p>
ioslides_presentation.html:319:66: Warning: inserting implicit <p>
ioslides_presentation.html:356:41: Warning: inserting implicit <p>
ioslides_presentation.html:374:75: Warning: inserting implicit <p>
ioslides_presentation.html:383:99: Warning: inserting implicit <p>
ioslides_presentation.html:391:91: Warning: inserting implicit <p>
ioslides_presentation.html:407:89: Warning: inserting implicit <p>
ioslides_presentation.html:411:46: Warning: inserting implicit <p>
ioslides_presentation.html:419:101: Warning: inserting implicit <p>
ioslides_presentation.html:444:103: Warning: inserting implicit <p>
ioslides_presentation.html:448:76: Warning: inserting implicit <p>
ioslides_presentation.html:474:42: Warning: inserting implicit <p>
ioslides_presentation.html:181:45: Warning: trimming empty <p>
ioslides_presentation.html:282:156: Warning: trimming empty <p>
ioslides_presentation.html:319:66: Warning: trimming empty <p>
ioslides_presentation.html:356:41: Warning: trimming empty <p>
ioslides_presentation.html:374:75: Warning: trimming empty <p>
ioslides_presentation.html:383:99: Warning: trimming empty <p>
ioslides_presentation.html:391:91: Warning: trimming empty <p>
ioslides_presentation.html:407:89: Warning: trimming empty <p>
ioslides_presentation.html:411:46: Warning: trimming empty <p>
ioslides_presentation.html:419:101: Warning: trimming empty <p>
ioslides_presentation.html:444:103: Warning: trimming empty <p>
ioslides_presentation.html:448:76: Warning: trimming empty <p>
ioslides_presentation.html:474:42: Warning: trimming empty <p>
slidy_presentation.html:186:45: Warning: inserting implicit <p>
slidy_presentation.html:186:45: Warning: trimming empty <p>
Flavors: r-devel-linux-x86_64-debian-clang, r-devel-linux-x86_64-debian-gcc, r-devel-linux-x86_64-fedora-clang, r-devel-linux-x86_64-fedora-gcc
Version: 2.14
Check: installed package size
Result: NOTE
installed size is 9.4Mb
sub-directories of 1Mb or more:
rmd 8.3Mb
Flavors: r-devel-linux-x86_64-fedora-clang, r-devel-windows-x86_64, r-release-macos-arm64, r-release-macos-x86_64, r-release-windows-x86_64, r-oldrel-macos-arm64, r-oldrel-macos-x86_64, r-oldrel-windows-ix86+x86_64
Version: 2.14
Check: package dependencies
Result: NOTE
Package suggested but not available for checking: ‘katex’
Flavor: r-release-macos-x86_64