Last updated on 2022-08-15 08:50:06 CEST.
Flavor | Version | Tinstall | Tcheck | Ttotal | Status | Flags |
---|---|---|---|---|---|---|
r-devel-linux-x86_64-debian-clang | 0.1.3 | 2.14 | 30.37 | 32.51 | NOTE | |
r-devel-linux-x86_64-debian-gcc | 0.1.3 | 1.56 | 23.90 | 25.46 | NOTE | |
r-devel-linux-x86_64-fedora-clang | 0.1.3 | 50.34 | NOTE | |||
r-devel-linux-x86_64-fedora-gcc | 0.1.3 | 50.67 | NOTE | |||
r-devel-windows-x86_64 | 0.1.3 | 14.00 | 62.00 | 76.00 | NOTE | |
r-patched-linux-x86_64 | 0.1.3 | 2.02 | 29.77 | 31.79 | NOTE | |
r-release-linux-x86_64 | 0.1.3 | 1.74 | 30.02 | 31.76 | NOTE | |
r-release-macos-arm64 | 0.1.3 | 18.00 | NOTE | |||
r-release-macos-x86_64 | 0.1.3 | 27.00 | NOTE | |||
r-release-windows-x86_64 | 0.1.3 | 16.00 | 60.00 | 76.00 | NOTE | |
r-oldrel-macos-arm64 | 0.1.3 | 24.00 | NOTE | |||
r-oldrel-macos-x86_64 | 0.1.3 | 33.00 | NOTE | |||
r-oldrel-windows-ix86+x86_64 | 0.1.3 | 6.00 | 50.00 | 56.00 | NOTE |
Version: 0.1.3
Check: LazyData
Result: NOTE
'LazyData' is specified without a 'data' directory
Flavors: r-devel-linux-x86_64-debian-clang, r-devel-linux-x86_64-debian-gcc, r-devel-linux-x86_64-fedora-clang, r-devel-linux-x86_64-fedora-gcc, r-devel-windows-x86_64, r-patched-linux-x86_64, r-release-linux-x86_64, r-release-macos-arm64, r-release-macos-x86_64, r-release-windows-x86_64, r-oldrel-macos-arm64, r-oldrel-macos-x86_64, r-oldrel-windows-ix86+x86_64