Last updated on 2022-08-15 08:50:06 CEST.
Flavor | Version | Tinstall | Tcheck | Ttotal | Status | Flags |
---|---|---|---|---|---|---|
r-devel-linux-x86_64-debian-clang | 0.1.0 | 5.56 | 91.66 | 97.22 | NOTE | |
r-devel-linux-x86_64-debian-gcc | 0.1.0 | 4.85 | 67.85 | 72.70 | NOTE | |
r-devel-linux-x86_64-fedora-clang | 0.1.0 | 123.62 | NOTE | |||
r-devel-linux-x86_64-fedora-gcc | 0.1.0 | 119.77 | NOTE | |||
r-devel-windows-x86_64 | 0.1.0 | 36.00 | 119.00 | 155.00 | NOTE | |
r-patched-linux-x86_64 | 0.1.0 | 4.96 | 85.20 | 90.16 | NOTE | |
r-release-linux-x86_64 | 0.1.0 | 5.05 | 86.66 | 91.71 | NOTE | |
r-release-macos-arm64 | 0.1.0 | 34.00 | NOTE | |||
r-release-macos-x86_64 | 0.1.0 | 51.00 | NOTE | |||
r-release-windows-x86_64 | 0.1.0 | 33.00 | 119.00 | 152.00 | NOTE | |
r-oldrel-macos-arm64 | 0.1.0 | 42.00 | NOTE | |||
r-oldrel-macos-x86_64 | 0.1.0 | 61.00 | NOTE | |||
r-oldrel-windows-ix86+x86_64 | 0.1.0 | 16.00 | 107.00 | 123.00 | NOTE |
Version: 0.1.0
Check: package dependencies
Result: NOTE
Package suggested but not available for checking: 'rnaturalearthhires'
Flavors: r-devel-linux-x86_64-debian-clang, r-devel-linux-x86_64-debian-gcc, r-devel-linux-x86_64-fedora-clang, r-devel-linux-x86_64-fedora-gcc, r-devel-windows-x86_64, r-patched-linux-x86_64, r-release-linux-x86_64, r-release-macos-arm64, r-release-macos-x86_64, r-release-windows-x86_64, r-oldrel-macos-arm64, r-oldrel-macos-x86_64, r-oldrel-windows-ix86+x86_64
Version: 0.1.0
Check: data for non-ASCII characters
Result: NOTE
Note: found 7 marked Latin-1 strings
Flavors: r-devel-linux-x86_64-fedora-clang, r-devel-linux-x86_64-fedora-gcc, r-release-macos-arm64, r-release-macos-x86_64, r-oldrel-macos-arm64, r-oldrel-macos-x86_64