Last updated on 2022-08-15 08:50:06 CEST.
Flavor | Version | Tinstall | Tcheck | Ttotal | Status | Flags |
---|---|---|---|---|---|---|
r-devel-linux-x86_64-debian-clang | 1.3.8 | 13.33 | 115.77 | 129.10 | OK | |
r-devel-linux-x86_64-debian-gcc | 1.3.8 | 10.89 | 85.49 | 96.38 | OK | |
r-devel-linux-x86_64-fedora-clang | 1.3.8 | 160.04 | NOTE | |||
r-devel-linux-x86_64-fedora-gcc | 1.3.8 | 153.59 | OK | |||
r-devel-windows-x86_64 | 1.3.8 | 52.00 | 142.00 | 194.00 | OK | |
r-patched-linux-x86_64 | 1.3.8 | 14.62 | 105.49 | 120.11 | OK | |
r-release-linux-x86_64 | 1.3.8 | 11.13 | 106.28 | 117.41 | OK | |
r-release-macos-arm64 | 1.3.8 | 42.00 | OK | |||
r-release-macos-x86_64 | 1.3.8 | 74.00 | OK | |||
r-release-windows-x86_64 | 1.3.8 | 76.00 | 136.00 | 212.00 | OK | |
r-oldrel-macos-arm64 | 1.3.8 | 223.00 | OK | |||
r-oldrel-macos-x86_64 | 1.3.8 | 57.00 | OK | |||
r-oldrel-windows-ix86+x86_64 | 1.3.8 | 26.00 | 128.00 | 154.00 | OK |
Version: 1.3.8
Check: Rd cross-references
Result: NOTE
Undeclared package ‘rappdirs’ in Rd xrefs
Flavor: r-devel-linux-x86_64-fedora-clang