Last updated on 2022-08-15 08:50:06 CEST.
Flavor | Version | Tinstall | Tcheck | Ttotal | Status | Flags |
---|---|---|---|---|---|---|
r-devel-linux-x86_64-debian-clang | 1.4.3 | 12.09 | 215.79 | 227.88 | OK | |
r-devel-linux-x86_64-debian-gcc | 1.4.3 | 9.40 | 157.01 | 166.41 | OK | |
r-devel-linux-x86_64-fedora-clang | 1.4.3 | 271.99 | NOTE | |||
r-devel-linux-x86_64-fedora-gcc | 1.4.3 | 268.62 | OK | |||
r-devel-windows-x86_64 | 1.4.3 | 42.00 | 244.00 | 286.00 | NOTE | |
r-patched-linux-x86_64 | 1.4.3 | 9.13 | 197.95 | 207.08 | OK | |
r-release-linux-x86_64 | 1.4.3 | 9.38 | 198.29 | 207.67 | OK | |
r-release-macos-arm64 | 1.4.3 | 75.00 | NOTE | |||
r-release-macos-x86_64 | 1.4.3 | 134.00 | NOTE | |||
r-release-windows-x86_64 | 1.4.3 | 106.00 | 246.00 | 352.00 | NOTE | |
r-oldrel-macos-arm64 | 1.4.3 | 81.00 | NOTE | |||
r-oldrel-macos-x86_64 | 1.4.3 | 103.00 | NOTE | |||
r-oldrel-windows-ix86+x86_64 | 1.4.3 | 25.00 | 247.00 | 272.00 | NOTE |
Version: 1.4.3
Check: installed package size
Result: NOTE
installed size is 5.2Mb
sub-directories of 1Mb or more:
data 2.9Mb
doc 1.7Mb
Flavors: r-devel-linux-x86_64-fedora-clang, r-devel-windows-x86_64, r-release-macos-arm64, r-release-macos-x86_64, r-release-windows-x86_64, r-oldrel-macos-arm64, r-oldrel-macos-x86_64, r-oldrel-windows-ix86+x86_64