Last updated on 2022-08-15 08:50:07 CEST.
Flavor | Version | Tinstall | Tcheck | Ttotal | Status | Flags |
---|---|---|---|---|---|---|
r-devel-linux-x86_64-debian-clang | 4.1.2 | 22.93 | 100.20 | 123.13 | NOTE | |
r-devel-linux-x86_64-debian-gcc | 4.1.2 | 16.32 | 73.39 | 89.71 | NOTE | |
r-devel-linux-x86_64-fedora-clang | 4.1.2 | 159.70 | NOTE | |||
r-devel-linux-x86_64-fedora-gcc | 4.1.2 | 149.99 | NOTE | |||
r-devel-windows-x86_64 | 4.1.2 | 49.00 | 141.00 | 190.00 | NOTE | |
r-patched-linux-x86_64 | 4.1.2 | 20.18 | 94.21 | 114.39 | OK | |
r-release-linux-x86_64 | 4.1.2 | 18.22 | 94.23 | 112.45 | OK | |
r-release-macos-arm64 | 4.1.2 | 42.00 | OK | |||
r-release-macos-x86_64 | 4.1.2 | 54.00 | OK | |||
r-release-windows-x86_64 | 4.1.2 | 61.00 | 142.00 | 203.00 | OK | |
r-oldrel-macos-arm64 | 4.1.2 | 47.00 | OK | |||
r-oldrel-macos-x86_64 | 4.1.2 | 79.00 | OK | |||
r-oldrel-windows-ix86+x86_64 | 4.1.2 | 52.00 | 172.00 | 224.00 | OK |
Version: 4.1.2
Check: Rd files
Result: NOTE
checkRd: (-1) hybrid.filter.Rd:159: Escaped LaTeX specials: \&
Flavors: r-devel-linux-x86_64-debian-clang, r-devel-linux-x86_64-debian-gcc, r-devel-linux-x86_64-fedora-clang, r-devel-linux-x86_64-fedora-gcc, r-devel-windows-x86_64