Last updated on 2022-08-15 08:50:07 CEST.
Flavor | Version | Tinstall | Tcheck | Ttotal | Status | Flags |
---|---|---|---|---|---|---|
r-devel-linux-x86_64-debian-clang | 0.7.13 | 3.59 | 42.88 | 46.47 | NOTE | |
r-devel-linux-x86_64-debian-gcc | 0.7.13 | 2.61 | 33.39 | 36.00 | NOTE | |
r-devel-linux-x86_64-fedora-clang | 0.7.13 | 65.71 | NOTE | |||
r-devel-linux-x86_64-fedora-gcc | 0.7.13 | 63.21 | NOTE | |||
r-devel-windows-x86_64 | 0.7.13 | 39.00 | 76.00 | 115.00 | NOTE | |
r-patched-linux-x86_64 | 0.7.13 | 3.47 | 40.44 | 43.91 | NOTE | |
r-release-linux-x86_64 | 0.7.13 | 3.36 | 40.74 | 44.10 | NOTE | |
r-release-macos-arm64 | 0.7.13 | 25.00 | NOTE | |||
r-release-macos-x86_64 | 0.7.13 | 33.00 | NOTE | |||
r-release-windows-x86_64 | 0.7.13 | 62.00 | 75.00 | 137.00 | NOTE | |
r-oldrel-macos-arm64 | 0.7.13 | 33.00 | NOTE | |||
r-oldrel-macos-x86_64 | 0.7.13 | 43.00 | NOTE | |||
r-oldrel-windows-ix86+x86_64 | 0.7.13 | 10.00 | 62.00 | 72.00 | NOTE |
Version: 0.7.13
Check: LazyData
Result: NOTE
'LazyData' is specified without a 'data' directory
Flavors: r-devel-linux-x86_64-debian-clang, r-devel-linux-x86_64-debian-gcc, r-devel-linux-x86_64-fedora-clang, r-devel-linux-x86_64-fedora-gcc, r-devel-windows-x86_64, r-patched-linux-x86_64, r-release-linux-x86_64, r-release-macos-arm64, r-release-macos-x86_64, r-release-windows-x86_64, r-oldrel-macos-arm64, r-oldrel-macos-x86_64, r-oldrel-windows-ix86+x86_64
Version: 0.7.13
Check: dependencies in R code
Result: NOTE
Namespace in Imports field not imported from: ‘future’
All declared Imports should be used.
Flavors: r-devel-linux-x86_64-fedora-clang, r-devel-linux-x86_64-fedora-gcc, r-release-macos-arm64, r-release-macos-x86_64, r-oldrel-macos-arm64, r-oldrel-macos-x86_64