Last updated on 2022-08-15 08:50:07 CEST.
Flavor | Version | Tinstall | Tcheck | Ttotal | Status | Flags |
---|---|---|---|---|---|---|
r-devel-linux-x86_64-debian-clang | 0.7.2 | 127.06 | 144.88 | 271.94 | OK | |
r-devel-linux-x86_64-debian-gcc | 0.7.3 | 106.29 | 104.77 | 211.06 | OK | |
r-devel-linux-x86_64-fedora-clang | 0.7.3 | 361.44 | OK | |||
r-devel-linux-x86_64-fedora-gcc | 0.7.3 | 372.89 | OK | |||
r-devel-windows-x86_64 | 0.7.3 | 131.00 | 180.00 | 311.00 | OK | |
r-patched-linux-x86_64 | 0.7.3 | 97.48 | 130.94 | 228.42 | OK | |
r-release-linux-x86_64 | 0.7.3 | 109.10 | 133.11 | 242.21 | OK | |
r-release-macos-arm64 | 0.7.3 | 79.00 | NOTE | |||
r-release-macos-x86_64 | 0.7.3 | 112.00 | NOTE | |||
r-release-windows-x86_64 | 0.7.3 | 132.00 | 171.00 | 303.00 | OK | |
r-oldrel-macos-arm64 | 0.7.3 | 78.00 | NOTE | |||
r-oldrel-macos-x86_64 | 0.7.3 | 111.00 | NOTE | |||
r-oldrel-windows-ix86+x86_64 | 0.7.2 | 305.00 | 241.00 | 546.00 | OK |
Version: 0.7.3
Check: installed package size
Result: NOTE
installed size is 7.1Mb
sub-directories of 1Mb or more:
data 1.3Mb
libs 5.2Mb
Flavors: r-release-macos-arm64, r-release-macos-x86_64, r-oldrel-macos-arm64, r-oldrel-macos-x86_64