Last updated on 2022-08-15 08:50:07 CEST.
Flavor | Version | Tinstall | Tcheck | Ttotal | Status | Flags |
---|---|---|---|---|---|---|
r-devel-linux-x86_64-debian-clang | 1.1.1 | 152.66 | 120.39 | 273.05 | OK | |
r-devel-linux-x86_64-debian-gcc | 1.1.1 | 130.61 | 88.81 | 219.42 | OK | |
r-devel-linux-x86_64-fedora-clang | 1.1.1 | 385.91 | OK | |||
r-devel-linux-x86_64-fedora-gcc | 1.1.1 | 382.51 | OK | |||
r-devel-windows-x86_64 | 1.1.1 | 118.00 | 160.00 | 278.00 | OK | |
r-patched-linux-x86_64 | 1.1.1 | 137.83 | 110.02 | 247.85 | OK | |
r-release-linux-x86_64 | 1.1.1 | 111.80 | 114.11 | 225.91 | OK | |
r-release-macos-arm64 | 1.1.1 | 86.00 | NOTE | |||
r-release-macos-x86_64 | 1.1.1 | 142.00 | NOTE | |||
r-release-windows-x86_64 | 1.1.1 | 123.00 | 157.00 | 280.00 | OK | |
r-oldrel-macos-arm64 | 1.1.1 | 98.00 | NOTE | |||
r-oldrel-macos-x86_64 | 1.1.1 | 166.00 | NOTE | |||
r-oldrel-windows-ix86+x86_64 | 1.1.1 | 378.00 | 190.00 | 568.00 | OK |
Version: 1.1.1
Check: installed package size
Result: NOTE
installed size is 7.0Mb
sub-directories of 1Mb or more:
libs 6.8Mb
Flavors: r-release-macos-arm64, r-release-macos-x86_64, r-oldrel-macos-arm64, r-oldrel-macos-x86_64