Last updated on 2022-08-15 08:50:07 CEST.
Flavor | Version | Tinstall | Tcheck | Ttotal | Status | Flags |
---|---|---|---|---|---|---|
r-devel-linux-x86_64-debian-clang | 0.1 | 26.38 | 62.50 | 88.88 | OK | |
r-devel-linux-x86_64-debian-gcc | 0.1 | 22.52 | 48.78 | 71.30 | OK | |
r-devel-linux-x86_64-fedora-clang | 0.1 | 124.39 | NOTE | |||
r-devel-linux-x86_64-fedora-gcc | 0.1 | 120.67 | OK | |||
r-devel-windows-x86_64 | 0.1 | 30.00 | 80.00 | 110.00 | NOTE | |
r-patched-linux-x86_64 | 0.1 | 21.26 | 64.02 | 85.28 | OK | |
r-release-linux-x86_64 | 0.1 | 23.94 | 62.05 | 85.99 | OK | |
r-release-macos-arm64 | 0.1 | 39.00 | NOTE | |||
r-release-macos-x86_64 | 0.1 | 55.00 | NOTE | |||
r-release-windows-x86_64 | 0.1 | 28.00 | 75.00 | 103.00 | NOTE | |
r-oldrel-macos-arm64 | 0.1 | 47.00 | NOTE | |||
r-oldrel-macos-x86_64 | 0.1 | 82.00 | NOTE | |||
r-oldrel-windows-ix86+x86_64 | 0.1 | 56.00 | 81.00 | 137.00 | NOTE |
Version: 0.1
Check: installed package size
Result: NOTE
installed size is 5.5Mb
sub-directories of 1Mb or more:
R 2.7Mb
extdata 2.7Mb
Flavors: r-devel-linux-x86_64-fedora-clang, r-devel-windows-x86_64, r-release-macos-arm64, r-release-macos-x86_64, r-release-windows-x86_64, r-oldrel-macos-arm64, r-oldrel-macos-x86_64, r-oldrel-windows-ix86+x86_64