Last updated on 2022-08-15 08:50:07 CEST.
Flavor | Version | Tinstall | Tcheck | Ttotal | Status | Flags |
---|---|---|---|---|---|---|
r-devel-linux-x86_64-debian-clang | 0.4.1 | 144.22 | 42.62 | 186.84 | NOTE | |
r-devel-linux-x86_64-debian-gcc | 0.4.1 | 113.43 | 34.87 | 148.30 | NOTE | |
r-devel-linux-x86_64-fedora-clang | 0.4.1 | 245.20 | NOTE | |||
r-devel-linux-x86_64-fedora-gcc | 0.4.1 | 252.89 | NOTE | |||
r-devel-windows-x86_64 | 0.4.1 | 160.00 | 94.00 | 254.00 | NOTE | |
r-patched-linux-x86_64 | 0.4.1 | 113.64 | 43.22 | 156.86 | NOTE | |
r-release-linux-x86_64 | 0.4.1 | 111.45 | 43.00 | 154.45 | NOTE | |
r-release-macos-arm64 | 0.4.1 | 65.00 | NOTE | |||
r-release-macos-x86_64 | 0.4.1 | 88.00 | NOTE | |||
r-release-windows-x86_64 | 0.4.1 | 92.00 | 94.00 | 186.00 | NOTE | |
r-oldrel-macos-arm64 | 0.4.1 | 80.00 | NOTE | |||
r-oldrel-macos-x86_64 | 0.4.1 | 127.00 | NOTE | |||
r-oldrel-windows-ix86+x86_64 | 0.4.1 | 312.00 | 115.00 | 427.00 | NOTE |
Version: 0.4.1
Check: LazyData
Result: NOTE
'LazyData' is specified without a 'data' directory
Flavors: r-devel-linux-x86_64-debian-clang, r-devel-linux-x86_64-debian-gcc, r-devel-linux-x86_64-fedora-clang, r-devel-linux-x86_64-fedora-gcc, r-devel-windows-x86_64, r-patched-linux-x86_64, r-release-linux-x86_64, r-release-macos-arm64, r-release-macos-x86_64, r-release-windows-x86_64, r-oldrel-macos-arm64, r-oldrel-macos-x86_64, r-oldrel-windows-ix86+x86_64
Version: 0.4.1
Check: installed package size
Result: NOTE
installed size is 20.8Mb
sub-directories of 1Mb or more:
libs 20.7Mb
Flavors: r-release-macos-arm64, r-release-macos-x86_64, r-oldrel-macos-arm64, r-oldrel-macos-x86_64