Last updated on 2022-08-15 08:50:07 CEST.
Flavor | Version | Tinstall | Tcheck | Ttotal | Status | Flags |
---|---|---|---|---|---|---|
r-devel-linux-x86_64-debian-clang | 0.3.1 | 8.67 | 76.47 | 85.14 | NOTE | |
r-devel-linux-x86_64-debian-gcc | 0.3.1 | 4.78 | 56.93 | 61.71 | NOTE | |
r-devel-linux-x86_64-fedora-clang | 0.3.1 | 112.20 | NOTE | |||
r-devel-linux-x86_64-fedora-gcc | 0.3.1 | 106.52 | NOTE | |||
r-devel-windows-x86_64 | 0.3.1 | 12.00 | 105.00 | 117.00 | NOTE | |
r-patched-linux-x86_64 | 0.3.1 | 7.45 | 71.04 | 78.49 | NOTE | |
r-release-linux-x86_64 | 0.3.1 | 5.69 | 70.39 | 76.08 | NOTE | |
r-release-macos-arm64 | 0.3.1 | 34.00 | NOTE | |||
r-release-macos-x86_64 | 0.3.1 | 56.00 | NOTE | |||
r-release-windows-x86_64 | 0.3.1 | 16.00 | 108.00 | 124.00 | NOTE | |
r-oldrel-macos-arm64 | 0.3.1 | 39.00 | NOTE | |||
r-oldrel-macos-x86_64 | 0.3.1 | 40.00 | NOTE | |||
r-oldrel-windows-ix86+x86_64 | 0.3.1 | 20.00 | 90.00 | 110.00 | NOTE |
Version: 0.3.1
Check: LazyData
Result: NOTE
'LazyData' is specified without a 'data' directory
Flavors: r-devel-linux-x86_64-debian-clang, r-devel-linux-x86_64-debian-gcc, r-devel-linux-x86_64-fedora-clang, r-devel-linux-x86_64-fedora-gcc, r-devel-windows-x86_64, r-patched-linux-x86_64, r-release-linux-x86_64, r-release-macos-arm64, r-release-macos-x86_64, r-release-windows-x86_64, r-oldrel-macos-arm64, r-oldrel-macos-x86_64, r-oldrel-windows-ix86+x86_64
Version: 0.3.1
Check: Rd cross-references
Result: NOTE
Undeclared package ‘readroper’ in Rd xrefs
Flavor: r-devel-linux-x86_64-fedora-clang