Last updated on 2022-08-15 08:50:07 CEST.
Flavor | Version | Tinstall | Tcheck | Ttotal | Status | Flags |
---|---|---|---|---|---|---|
r-devel-linux-x86_64-debian-clang | 1.1.3 | 26.29 | 37.19 | 63.48 | WARN | |
r-devel-linux-x86_64-debian-gcc | 1.1.3 | 25.45 | 29.20 | 54.65 | OK | |
r-devel-linux-x86_64-fedora-clang | 1.1.3 | 99.64 | WARN | |||
r-devel-linux-x86_64-fedora-gcc | 1.1.3 | 90.82 | OK | |||
r-devel-windows-x86_64 | 1.1.3 | 39.00 | 82.00 | 121.00 | OK | |
r-patched-linux-x86_64 | 1.1.3 | 24.18 | 34.54 | 58.72 | OK | |
r-release-linux-x86_64 | 1.1.3 | 24.16 | 34.10 | 58.26 | OK | |
r-release-macos-arm64 | 1.1.3 | 26.00 | OK | |||
r-release-macos-x86_64 | 1.1.3 | 35.00 | OK | |||
r-release-windows-x86_64 | 1.1.3 | 32.00 | 82.00 | 114.00 | OK | |
r-oldrel-macos-arm64 | 1.1.3 | 32.00 | OK | |||
r-oldrel-macos-x86_64 | 1.1.3 | 36.00 | OK | |||
r-oldrel-windows-ix86+x86_64 | 1.1.3 | 75.00 | 84.00 | 159.00 | OK |
Version: 1.1.3
Check: whether package can be installed
Result: WARN
Found the following significant warnings:
vMF.cpp:35:9: warning: use of bitwise '&' with boolean operands [-Wbitwise-instead-of-logical]
Flavors: r-devel-linux-x86_64-debian-clang, r-devel-linux-x86_64-fedora-clang