Last updated on 2022-08-15 08:50:07 CEST.
Flavor | Version | Tinstall | Tcheck | Ttotal | Status | Flags |
---|---|---|---|---|---|---|
r-devel-linux-x86_64-debian-clang | 4.1.16 | 12.17 | 71.59 | 83.76 | NOTE | |
r-devel-linux-x86_64-debian-gcc | 4.1.16 | 8.29 | 55.06 | 63.35 | NOTE | |
r-devel-linux-x86_64-fedora-clang | 4.1.16 | 116.88 | NOTE | |||
r-devel-linux-x86_64-fedora-gcc | 4.1.16 | 112.51 | NOTE | |||
r-devel-windows-x86_64 | 4.1.16 | 49.00 | 131.00 | 180.00 | NOTE | |
r-patched-linux-x86_64 | 4.1.16 | 8.74 | 68.15 | 76.89 | OK | |
r-release-linux-x86_64 | 4.1.16 | 7.66 | 67.94 | 75.60 | OK | |
r-release-macos-arm64 | 4.1.16 | 36.00 | OK | |||
r-release-macos-x86_64 | 4.1.16 | 57.00 | OK | |||
r-release-windows-x86_64 | 4.1.16 | 61.00 | 121.00 | 182.00 | OK | |
r-oldrel-macos-arm64 | 4.1.16 | 54.00 | OK | |||
r-oldrel-macos-x86_64 | 4.1.16 | 72.00 | OK | |||
r-oldrel-windows-ix86+x86_64 | 4.1.16 | 42.00 | 126.00 | 168.00 | OK |
Version: 4.1.16
Check: Rd files
Result: NOTE
checkRd: (-1) post.rpart.Rd:45: Escaped LaTeX specials: \# \#
checkRd: (-1) post.rpart.Rd:46: Escaped LaTeX specials: \#
checkRd: (-1) text.rpart.Rd:52: Escaped LaTeX specials: \# \#
checkRd: (-1) text.rpart.Rd:53: Escaped LaTeX specials: \#
Flavors: r-devel-linux-x86_64-debian-clang, r-devel-linux-x86_64-debian-gcc, r-devel-linux-x86_64-fedora-clang, r-devel-linux-x86_64-fedora-gcc, r-devel-windows-x86_64
Version: 4.1.16
Check: Rd cross-references
Result: NOTE
Undeclared package ‘tree’ in Rd xrefs
Flavor: r-devel-linux-x86_64-fedora-clang