Last updated on 2022-08-15 08:50:07 CEST.
Flavor | Version | Tinstall | Tcheck | Ttotal | Status | Flags |
---|---|---|---|---|---|---|
r-devel-linux-x86_64-debian-clang | 0.3.1 | 2.56 | 34.10 | 36.66 | OK | |
r-devel-linux-x86_64-debian-gcc | 0.3.1 | 1.76 | 26.57 | 28.33 | OK | |
r-devel-linux-x86_64-fedora-clang | 0.3.1 | 55.23 | NOTE | |||
r-devel-linux-x86_64-fedora-gcc | 0.3.1 | 53.34 | OK | |||
r-devel-windows-x86_64 | 0.3.1 | 12.00 | 61.00 | 73.00 | OK | |
r-patched-linux-x86_64 | 0.3.1 | 2.76 | 32.57 | 35.33 | OK | |
r-release-linux-x86_64 | 0.3.1 | 2.59 | 33.15 | 35.74 | OK | |
r-release-macos-arm64 | 0.3.1 | 20.00 | OK | |||
r-release-macos-x86_64 | 0.3.1 | 28.00 | OK | |||
r-release-windows-x86_64 | 0.3.1 | 12.00 | 59.00 | 71.00 | OK | |
r-oldrel-macos-arm64 | 0.3.1 | 27.00 | OK | |||
r-oldrel-macos-x86_64 | 0.3.1 | 32.00 | OK | |||
r-oldrel-windows-ix86+x86_64 | 0.3.1 | 7.00 | 49.00 | 56.00 | OK |
Version: 0.3.1
Check: Rd cross-references
Result: NOTE
Undeclared package ‘rsoi’ in Rd xrefs
Flavor: r-devel-linux-x86_64-fedora-clang