Last updated on 2022-08-15 08:50:07 CEST.
Flavor | Version | Tinstall | Tcheck | Ttotal | Status | Flags |
---|---|---|---|---|---|---|
r-devel-linux-x86_64-debian-clang | 1.0.0 | 9.49 | 84.25 | 93.74 | NOTE | |
r-devel-linux-x86_64-debian-gcc | 1.0.0 | 7.42 | 61.68 | 69.10 | NOTE | |
r-devel-linux-x86_64-fedora-clang | 1.0.0 | 122.50 | NOTE | |||
r-devel-linux-x86_64-fedora-gcc | 1.0.0 | 114.66 | NOTE | |||
r-devel-windows-x86_64 | 1.0.0 | 29.00 | 116.00 | 145.00 | NOTE | |
r-patched-linux-x86_64 | 1.0.0 | 8.12 | 76.55 | 84.67 | OK | |
r-release-linux-x86_64 | 1.0.0 | 7.87 | 77.38 | 85.25 | OK | |
r-release-macos-arm64 | 1.0.0 | 35.00 | OK | |||
r-release-macos-x86_64 | 1.0.0 | 67.00 | OK | |||
r-release-windows-x86_64 | 1.0.0 | 35.00 | 114.00 | 149.00 | OK | |
r-oldrel-macos-arm64 | 1.0.0 | 40.00 | OK | |||
r-oldrel-macos-x86_64 | 1.0.0 | 68.00 | OK | |||
r-oldrel-windows-ix86+x86_64 | 1.0.0 | 20.00 | 98.00 | 118.00 | OK |
Version: 1.0.0
Check: package subdirectories
Result: NOTE
Problems with news in 'NEWS.md':
Cannot extract version info from the following section titles:
IMPROVEMENTS AND ### BUG FIXES
Flavors: r-devel-linux-x86_64-debian-clang, r-devel-linux-x86_64-debian-gcc, r-devel-linux-x86_64-fedora-clang, r-devel-linux-x86_64-fedora-gcc, r-devel-windows-x86_64