Last updated on 2022-08-15 08:50:07 CEST.
Flavor | Version | Tinstall | Tcheck | Ttotal | Status | Flags |
---|---|---|---|---|---|---|
r-devel-linux-x86_64-debian-clang | 0.1.0 | 4.05 | 59.19 | 63.24 | OK | |
r-devel-linux-x86_64-debian-gcc | 0.1.0 | 3.61 | 45.96 | 49.57 | OK | |
r-devel-linux-x86_64-fedora-clang | 0.1.0 | 86.52 | NOTE | |||
r-devel-linux-x86_64-fedora-gcc | 0.1.0 | 84.33 | OK | |||
r-devel-windows-x86_64 | 0.1.0 | 23.00 | 97.00 | 120.00 | OK | |
r-patched-linux-x86_64 | 0.1.0 | 8.07 | 56.00 | 64.07 | OK | |
r-release-linux-x86_64 | 0.1.0 | 4.08 | 56.38 | 60.46 | OK | |
r-release-macos-arm64 | 0.1.0 | 37.00 | OK | |||
r-release-macos-x86_64 | 0.1.0 | 49.00 | OK | |||
r-release-windows-x86_64 | 0.1.0 | 76.00 | 97.00 | 173.00 | OK | |
r-oldrel-macos-arm64 | 0.1.0 | 37.00 | OK | |||
r-oldrel-macos-x86_64 | 0.1.0 | 48.00 | OK | |||
r-oldrel-windows-ix86+x86_64 | 0.1.0 | 11.00 | 86.00 | 97.00 | OK |
Version: 0.1.0
Check: Rd cross-references
Result: NOTE
Undeclared package ‘htmlwidgets’ in Rd xrefs
Flavor: r-devel-linux-x86_64-fedora-clang