Last updated on 2022-08-15 08:50:07 CEST.
Flavor | Version | Tinstall | Tcheck | Ttotal | Status | Flags |
---|---|---|---|---|---|---|
r-devel-linux-x86_64-debian-clang | 0.9.22 | 4.31 | 176.84 | 181.15 | OK | |
r-devel-linux-x86_64-debian-gcc | 0.9.22 | 3.60 | 129.69 | 133.29 | OK | |
r-devel-linux-x86_64-fedora-clang | 0.9.22 | 220.58 | NOTE | |||
r-devel-linux-x86_64-fedora-gcc | 0.9.22 | 224.45 | NOTE | |||
r-devel-windows-x86_64 | 0.9.22 | 14.00 | 222.00 | 236.00 | OK | |
r-patched-linux-x86_64 | 0.9.22 | 13.50 | 172.64 | 186.14 | OK | |
r-release-linux-x86_64 | 0.9.22 | 4.63 | 176.22 | 180.85 | OK | |
r-release-macos-arm64 | 0.9.22 | 61.00 | NOTE | |||
r-release-macos-x86_64 | 0.9.22 | 96.00 | NOTE | |||
r-release-windows-x86_64 | 0.9.22 | 15.00 | 215.00 | 230.00 | OK | |
r-oldrel-macos-arm64 | 0.9.22 | 67.00 | NOTE | |||
r-oldrel-macos-x86_64 | 0.9.22 | 90.00 | NOTE | |||
r-oldrel-windows-ix86+x86_64 | 0.9.22 | 11.00 | 225.00 | 236.00 | OK |
Version: 0.9.22
Check: dependencies in R code
Result: NOTE
Namespace in Imports field not imported from: ‘methods’
All declared Imports should be used.
Flavors: r-devel-linux-x86_64-fedora-clang, r-devel-linux-x86_64-fedora-gcc, r-release-macos-arm64, r-release-macos-x86_64, r-oldrel-macos-arm64, r-oldrel-macos-x86_64