Last updated on 2022-08-15 08:50:07 CEST.
Flavor | Version | Tinstall | Tcheck | Ttotal | Status | Flags |
---|---|---|---|---|---|---|
r-devel-linux-x86_64-debian-clang | 0.8.27 | 10.01 | 64.00 | 74.01 | OK | |
r-devel-linux-x86_64-debian-gcc | 0.8.27 | 6.55 | 47.86 | 54.41 | OK | |
r-devel-linux-x86_64-fedora-clang | 0.8.27 | 94.63 | NOTE | |||
r-devel-linux-x86_64-fedora-gcc | 0.8.27 | 91.14 | OK | |||
r-devel-windows-x86_64 | 0.8.27 | 85.00 | 95.00 | 180.00 | OK | |
r-patched-linux-x86_64 | 0.8.27 | 9.48 | 59.89 | 69.37 | OK | |
r-release-linux-x86_64 | 0.8.27 | 7.95 | 58.97 | 66.92 | OK | |
r-release-macos-arm64 | 0.8.27 | 31.00 | OK | |||
r-release-macos-x86_64 | 0.8.27 | 41.00 | OK | |||
r-release-windows-x86_64 | 0.8.27 | 98.00 | 93.00 | 191.00 | OK | |
r-oldrel-macos-arm64 | 0.8.27 | 30.00 | OK | |||
r-oldrel-macos-x86_64 | 0.8.27 | 40.00 | OK | |||
r-oldrel-windows-ix86+x86_64 | 0.8.27 | 15.00 | 84.00 | 99.00 | OK |
Version: 0.8.27
Check: Rd cross-references
Result: NOTE
Undeclared packages ‘keras’, ‘tensorflow’, ‘devtools’ in Rd xrefs
Flavor: r-devel-linux-x86_64-fedora-clang