Last updated on 2022-08-15 08:50:07 CEST.
Flavor | Version | Tinstall | Tcheck | Ttotal | Status | Flags |
---|---|---|---|---|---|---|
r-devel-linux-x86_64-debian-clang | 2.10.3 | 4.93 | 107.95 | 112.88 | NOTE | |
r-devel-linux-x86_64-debian-gcc | 2.10.3 | 4.08 | 80.80 | 84.88 | NOTE | |
r-devel-linux-x86_64-fedora-clang | 2.10.3 | 149.62 | NOTE | |||
r-devel-linux-x86_64-fedora-gcc | 2.10.3 | 146.75 | NOTE | |||
r-devel-windows-x86_64 | 2.10.3 | 26.00 | 179.00 | 205.00 | OK | |
r-patched-linux-x86_64 | 2.10.3 | 6.39 | 100.64 | 107.03 | NOTE | |
r-release-linux-x86_64 | 2.10.3 | 4.47 | 102.18 | 106.65 | NOTE | |
r-release-macos-arm64 | 2.10.3 | 43.00 | OK | |||
r-release-macos-x86_64 | 2.10.3 | 68.00 | OK | |||
r-release-windows-x86_64 | 2.10.3 | 25.00 | 180.00 | 205.00 | OK | |
r-oldrel-macos-arm64 | 2.10.3 | 53.00 | OK | |||
r-oldrel-macos-x86_64 | 2.10.3 | 69.00 | OK | |||
r-oldrel-windows-ix86+x86_64 | 2.10.3 | 18.00 | 146.00 | 164.00 | OK |
Version: 2.10.3
Check: package dependencies
Result: NOTE
Package suggested but not available for checking: 'Vdgraph'
Flavors: r-devel-linux-x86_64-debian-clang, r-devel-linux-x86_64-debian-gcc, r-devel-linux-x86_64-fedora-clang, r-devel-linux-x86_64-fedora-gcc, r-patched-linux-x86_64, r-release-linux-x86_64
Version: 2.10.3
Check: Rd cross-references
Result: NOTE
Unknown package 'Vdgraph' in Rd xrefs
Flavors: r-devel-linux-x86_64-debian-clang, r-devel-linux-x86_64-debian-gcc, r-devel-linux-x86_64-fedora-clang, r-devel-linux-x86_64-fedora-gcc, r-patched-linux-x86_64, r-release-linux-x86_64