Last updated on 2022-08-15 08:50:07 CEST.
Flavor | Version | Tinstall | Tcheck | Ttotal | Status | Flags |
---|---|---|---|---|---|---|
r-devel-linux-x86_64-debian-clang | 0.2.19 | 8.02 | 48.87 | 56.89 | NOTE | |
r-devel-linux-x86_64-debian-gcc | 0.2.19 | 5.62 | 36.37 | 41.99 | NOTE | |
r-devel-linux-x86_64-fedora-clang | 0.2.19 | 78.38 | NOTE | |||
r-devel-linux-x86_64-fedora-gcc | 0.2.19 | 74.03 | NOTE | |||
r-devel-windows-x86_64 | 0.2.19 | 13.00 | 63.00 | 76.00 | NOTE | |
r-patched-linux-x86_64 | 0.2.19 | 5.34 | 46.59 | 51.93 | NOTE | |
r-release-linux-x86_64 | 0.2.19 | 5.26 | 45.54 | 50.80 | NOTE | |
r-release-macos-arm64 | 0.2.19 | 20.00 | NOTE | |||
r-release-macos-x86_64 | 0.2.19 | 35.00 | NOTE | |||
r-release-windows-x86_64 | 0.2.19 | 11.00 | 63.00 | 74.00 | NOTE | |
r-oldrel-macos-arm64 | 0.2.19 | 24.00 | NOTE | |||
r-oldrel-macos-x86_64 | 0.2.19 | 27.00 | NOTE | |||
r-oldrel-windows-ix86+x86_64 | 0.2.19 | 18.00 | 63.00 | 81.00 | NOTE |
Version: 0.2.19
Check: LazyData
Result: NOTE
'LazyData' is specified without a 'data' directory
Flavors: r-devel-linux-x86_64-debian-clang, r-devel-linux-x86_64-debian-gcc, r-devel-linux-x86_64-fedora-clang, r-devel-linux-x86_64-fedora-gcc, r-devel-windows-x86_64, r-patched-linux-x86_64, r-release-linux-x86_64, r-release-macos-arm64, r-release-macos-x86_64, r-release-windows-x86_64, r-oldrel-macos-arm64, r-oldrel-macos-x86_64, r-oldrel-windows-ix86+x86_64
Version: 0.2.19
Check: dependencies in R code
Result: NOTE
Namespace in Imports field not imported from: ‘h2o’
All declared Imports should be used.
Flavors: r-devel-linux-x86_64-fedora-clang, r-devel-linux-x86_64-fedora-gcc, r-release-macos-arm64, r-release-macos-x86_64, r-oldrel-macos-arm64, r-oldrel-macos-x86_64