Last updated on 2022-08-15 08:50:07 CEST.
Flavor | Version | Tinstall | Tcheck | Ttotal | Status | Flags |
---|---|---|---|---|---|---|
r-devel-linux-x86_64-debian-clang | 1.0.4 | 6.95 | 68.95 | 75.90 | NOTE | |
r-devel-linux-x86_64-debian-gcc | 1.0.4 | 4.87 | 50.95 | 55.82 | NOTE | |
r-devel-linux-x86_64-fedora-clang | 1.0.4 | 101.12 | NOTE | |||
r-devel-linux-x86_64-fedora-gcc | 1.0.4 | 95.66 | NOTE | |||
r-devel-windows-x86_64 | 1.0.4 | 14.00 | 121.00 | 135.00 | NOTE | |
r-patched-linux-x86_64 | 1.0.4 | 4.67 | 63.59 | 68.26 | NOTE | |
r-release-linux-x86_64 | 1.0.4 | 3.55 | 64.41 | 67.96 | NOTE | |
r-release-macos-arm64 | 1.0.4 | 39.00 | NOTE | |||
r-release-macos-x86_64 | 1.0.4 | 67.00 | NOTE | |||
r-release-windows-x86_64 | 1.0.4 | 11.00 | 119.00 | 130.00 | NOTE | |
r-oldrel-macos-arm64 | 1.0.4 | 54.00 | NOTE | |||
r-oldrel-macos-x86_64 | 1.0.4 | 57.00 | NOTE | |||
r-oldrel-windows-ix86+x86_64 | 1.0.4 | 15.00 | 118.00 | 133.00 | NOTE |
Version: 1.0.4
Check: LazyData
Result: NOTE
'LazyData' is specified without a 'data' directory
Flavors: r-devel-linux-x86_64-debian-clang, r-devel-linux-x86_64-debian-gcc, r-devel-linux-x86_64-fedora-clang, r-devel-linux-x86_64-fedora-gcc, r-devel-windows-x86_64, r-patched-linux-x86_64, r-release-linux-x86_64, r-release-macos-arm64, r-release-macos-x86_64, r-release-windows-x86_64, r-oldrel-macos-arm64, r-oldrel-macos-x86_64, r-oldrel-windows-ix86+x86_64