Last updated on 2022-08-15 08:50:07 CEST.
Flavor | Version | Tinstall | Tcheck | Ttotal | Status | Flags |
---|---|---|---|---|---|---|
r-devel-linux-x86_64-debian-clang | 2.3.1 | 3.41 | 32.57 | 35.98 | OK | |
r-devel-linux-x86_64-debian-gcc | 2.3.1 | 2.33 | 24.61 | 26.94 | OK | |
r-devel-linux-x86_64-fedora-clang | 2.3.1 | 55.38 | OK | |||
r-devel-linux-x86_64-fedora-gcc | 2.3.1 | 53.12 | OK | |||
r-devel-windows-x86_64 | 2.3.1 | 30.00 | 196.00 | 226.00 | NOTE | |
r-patched-linux-x86_64 | 2.3.1 | 3.18 | 30.77 | 33.95 | OK | |
r-release-linux-x86_64 | 2.3.1 | 2.89 | 31.60 | 34.49 | OK | |
r-release-macos-arm64 | 2.3.1 | 54.00 | NOTE | |||
r-release-macos-x86_64 | 2.3.1 | 73.00 | NOTE | |||
r-release-windows-x86_64 | 2.3.1 | 158.00 | 192.00 | 350.00 | NOTE | |
r-oldrel-macos-arm64 | 2.3.1 | 54.00 | NOTE | |||
r-oldrel-macos-x86_64 | 2.3.1 | 120.00 | NOTE | |||
r-oldrel-windows-ix86+x86_64 | 2.3.1 | 31.00 | 207.00 | 238.00 | NOTE |
Version: 2.3.1
Check: installed package size
Result: NOTE
installed size is 15.2Mb
sub-directories of 1Mb or more:
libs 14.9Mb
Flavors: r-devel-windows-x86_64, r-release-macos-arm64, r-release-macos-x86_64, r-release-windows-x86_64, r-oldrel-macos-arm64, r-oldrel-macos-x86_64, r-oldrel-windows-ix86+x86_64