Last updated on 2022-08-15 08:50:07 CEST.
Flavor | Version | Tinstall | Tcheck | Ttotal | Status | Flags |
---|---|---|---|---|---|---|
r-devel-linux-x86_64-debian-clang | 0.4-14.1 | 3.90 | 49.36 | 53.26 | NOTE | |
r-devel-linux-x86_64-debian-gcc | 0.4-14.1 | 2.80 | 38.21 | 41.01 | NOTE | |
r-devel-linux-x86_64-fedora-clang | 0.4-14.1 | 75.96 | NOTE | |||
r-devel-linux-x86_64-fedora-gcc | 0.4-14.1 | 72.67 | NOTE | |||
r-devel-windows-x86_64 | 0.4-14.1 | 12.00 | 86.00 | 98.00 | OK | |
r-patched-linux-x86_64 | 0.4-14.1 | 3.88 | 47.86 | 51.74 | NOTE | |
r-release-linux-x86_64 | 0.4-14.1 | 3.47 | 47.87 | 51.34 | NOTE | |
r-release-macos-arm64 | 0.4-14.1 | 29.00 | OK | |||
r-release-macos-x86_64 | 0.4-14.1 | 41.00 | OK | |||
r-release-windows-x86_64 | 0.4-14.1 | 20.00 | 87.00 | 107.00 | OK | |
r-oldrel-macos-arm64 | 0.4-14.1 | 34.00 | OK | |||
r-oldrel-macos-x86_64 | 0.4-14.1 | 53.00 | OK | |||
r-oldrel-windows-ix86+x86_64 | 0.4-14.1 | 8.00 | 76.00 | 84.00 | OK |
Version: 0.4-14.1
Check: for non-standard things in the check directory
Result: NOTE
Found the following files/directories:
'test_addPageBreak.doc' 'test_addPlot.doc' 'test_addSessionInfo.doc'
'test_addTable.doc'
Flavors: r-devel-linux-x86_64-debian-clang, r-devel-linux-x86_64-debian-gcc, r-devel-linux-x86_64-fedora-clang, r-devel-linux-x86_64-fedora-gcc, r-patched-linux-x86_64, r-release-linux-x86_64