Last updated on 2022-08-15 08:50:07 CEST.
Flavor | Version | Tinstall | Tcheck | Ttotal | Status | Flags |
---|---|---|---|---|---|---|
r-devel-linux-x86_64-debian-clang | 0.3.3 | 7.43 | 59.40 | 66.83 | OK | |
r-devel-linux-x86_64-debian-gcc | 0.3.3 | 4.92 | 45.01 | 49.93 | OK | |
r-devel-linux-x86_64-fedora-clang | 0.3.3 | 90.23 | NOTE | |||
r-devel-linux-x86_64-fedora-gcc | 0.3.3 | 86.31 | NOTE | |||
r-devel-windows-x86_64 | 0.3.3 | 23.00 | 96.00 | 119.00 | OK | |
r-patched-linux-x86_64 | 0.3.3 | 5.56 | 55.76 | 61.32 | OK | |
r-release-linux-x86_64 | 0.3.3 | 4.70 | 56.70 | 61.40 | OK | |
r-release-macos-arm64 | 0.3.3 | 27.00 | NOTE | |||
r-release-macos-x86_64 | 0.3.3 | 53.00 | NOTE | |||
r-release-windows-x86_64 | 0.3.3 | 18.00 | 98.00 | 116.00 | OK | |
r-oldrel-macos-arm64 | 0.3.3 | 30.00 | NOTE | |||
r-oldrel-macos-x86_64 | 0.3.3 | 40.00 | NOTE | |||
r-oldrel-windows-ix86+x86_64 | 0.3.3 | 15.00 | 71.00 | 86.00 | OK |
Version: 0.3.3
Check: dependencies in R code
Result: NOTE
Namespaces in Imports field not imported from:
‘memoise’ ‘tidyr’
All declared Imports should be used.
Flavors: r-devel-linux-x86_64-fedora-clang, r-devel-linux-x86_64-fedora-gcc, r-release-macos-arm64, r-release-macos-x86_64, r-oldrel-macos-arm64, r-oldrel-macos-x86_64
Version: 0.3.3
Check: data for non-ASCII characters
Result: NOTE
Note: found 37 marked UTF-8 strings
Flavors: r-devel-linux-x86_64-fedora-clang, r-devel-linux-x86_64-fedora-gcc, r-release-macos-arm64, r-release-macos-x86_64, r-oldrel-macos-arm64, r-oldrel-macos-x86_64
Version: 0.3.3
Check: package dependencies
Result: NOTE
Packages suggested but not available for checking: 'showtext', 'sysfonts'
Flavor: r-oldrel-macos-arm64