Last updated on 2022-08-15 08:50:07 CEST.
Flavor | Version | Tinstall | Tcheck | Ttotal | Status | Flags |
---|---|---|---|---|---|---|
r-devel-linux-x86_64-debian-clang | 0.1.0 | 1.33 | 22.34 | 23.67 | OK | |
r-devel-linux-x86_64-debian-gcc | 0.1.0 | 1.67 | 17.76 | 19.43 | OK | |
r-devel-linux-x86_64-fedora-clang | 0.1.0 | 41.35 | NOTE | |||
r-devel-linux-x86_64-fedora-gcc | 0.1.0 | 39.74 | NOTE | |||
r-devel-windows-x86_64 | 0.1.0 | 8.00 | 47.00 | 55.00 | OK | |
r-patched-linux-x86_64 | 0.1.0 | 1.81 | 22.12 | 23.93 | OK | |
r-release-linux-x86_64 | 0.1.0 | 1.35 | 22.08 | 23.43 | OK | |
r-release-macos-arm64 | 0.1.0 | 15.00 | NOTE | |||
r-release-macos-x86_64 | 0.1.0 | 26.00 | NOTE | |||
r-release-windows-x86_64 | 0.1.0 | 6.00 | 45.00 | 51.00 | OK | |
r-oldrel-macos-arm64 | 0.1.0 | 19.00 | NOTE | |||
r-oldrel-macos-x86_64 | 0.1.0 | 26.00 | NOTE | |||
r-oldrel-windows-ix86+x86_64 | 0.1.0 | 5.00 | 41.00 | 46.00 | OK |
Version: 0.1.0
Check: dependencies in R code
Result: NOTE
Namespace in Imports field not imported from: ‘dplyr’
All declared Imports should be used.
Flavors: r-devel-linux-x86_64-fedora-clang, r-devel-linux-x86_64-fedora-gcc, r-release-macos-arm64, r-release-macos-x86_64, r-oldrel-macos-arm64, r-oldrel-macos-x86_64