Last updated on 2022-08-15 08:50:07 CEST.
Flavor | Version | Tinstall | Tcheck | Ttotal | Status | Flags |
---|---|---|---|---|---|---|
r-devel-linux-x86_64-debian-clang | 0.3 | 153.10 | 106.67 | 259.77 | NOTE | |
r-devel-linux-x86_64-debian-gcc | 0.3 | 117.34 | 84.68 | 202.02 | NOTE | |
r-devel-linux-x86_64-fedora-clang | 0.3 | 304.43 | NOTE | |||
r-devel-linux-x86_64-fedora-gcc | 0.3 | 346.77 | NOTE | |||
r-devel-windows-x86_64 | 0.3 | 110.00 | 162.00 | 272.00 | NOTE | |
r-patched-linux-x86_64 | 0.3 | 103.99 | 107.85 | 211.84 | NOTE | |
r-release-linux-x86_64 | 0.3 | 95.70 | 108.16 | 203.86 | NOTE | |
r-release-macos-arm64 | 0.3 | 89.00 | NOTE | |||
r-release-macos-x86_64 | 0.3 | 154.00 | NOTE | |||
r-release-windows-x86_64 | 0.3 | 404.00 | 166.00 | 570.00 | NOTE | |
r-oldrel-macos-arm64 | 0.3 | 80.00 | NOTE | |||
r-oldrel-macos-x86_64 | 0.3 | 113.00 | NOTE | |||
r-oldrel-windows-ix86+x86_64 | 0.3 | 320.00 | 196.00 | 516.00 | NOTE |
Version: 0.3
Check: package dependencies
Result: NOTE
Package suggested but not available for checking: 'cmdstanr'
Flavors: r-devel-linux-x86_64-debian-clang, r-devel-linux-x86_64-debian-gcc, r-devel-linux-x86_64-fedora-clang, r-devel-linux-x86_64-fedora-gcc, r-devel-windows-x86_64, r-patched-linux-x86_64, r-release-linux-x86_64, r-release-macos-arm64, r-release-macos-x86_64, r-release-windows-x86_64, r-oldrel-macos-arm64, r-oldrel-macos-x86_64, r-oldrel-windows-ix86+x86_64
Version: 0.3
Check: Rd cross-references
Result: NOTE
Unknown package 'cmdstanr' in Rd xrefs
Flavors: r-devel-linux-x86_64-debian-clang, r-devel-linux-x86_64-debian-gcc, r-devel-linux-x86_64-fedora-clang, r-devel-linux-x86_64-fedora-gcc, r-devel-windows-x86_64, r-patched-linux-x86_64, r-release-linux-x86_64, r-release-macos-arm64, r-release-macos-x86_64, r-release-windows-x86_64, r-oldrel-macos-arm64, r-oldrel-macos-x86_64, r-oldrel-windows-ix86+x86_64
Version: 0.3
Check: for GNU extensions in Makefiles
Result: NOTE
GNU make is a SystemRequirements.
Flavors: r-devel-linux-x86_64-debian-clang, r-devel-linux-x86_64-debian-gcc, r-devel-linux-x86_64-fedora-clang, r-devel-linux-x86_64-fedora-gcc, r-devel-windows-x86_64, r-patched-linux-x86_64, r-release-linux-x86_64, r-release-macos-arm64, r-release-macos-x86_64, r-release-windows-x86_64, r-oldrel-macos-arm64, r-oldrel-macos-x86_64, r-oldrel-windows-ix86+x86_64
Version: 0.3
Check: dependencies in R code
Result: NOTE
Namespaces in Imports field not imported from:
‘RcppParallel’ ‘lubridate’ ‘rstantools’
All declared Imports should be used.
Flavors: r-devel-linux-x86_64-fedora-clang, r-devel-linux-x86_64-fedora-gcc, r-release-macos-arm64, r-release-macos-x86_64, r-oldrel-macos-arm64, r-oldrel-macos-x86_64
Version: 0.3
Check: installed package size
Result: NOTE
installed size is 37.4Mb
sub-directories of 1Mb or more:
libs 37.1Mb
Flavors: r-release-macos-arm64, r-release-macos-x86_64, r-oldrel-macos-arm64, r-oldrel-macos-x86_64