Last updated on 2022-08-15 08:50:07 CEST.
Flavor | Version | Tinstall | Tcheck | Ttotal | Status | Flags |
---|---|---|---|---|---|---|
r-devel-linux-x86_64-debian-clang | 0.0.3 | 0.32 | 2.83 | 3.15 | ERROR | |
r-devel-linux-x86_64-debian-gcc | 0.0.3 | 42.14 | 318.92 | 361.06 | OK | |
r-devel-linux-x86_64-fedora-clang | 0.0.3 | 570.97 | OK | |||
r-devel-linux-x86_64-fedora-gcc | 0.0.3 | 604.66 | OK | |||
r-devel-windows-x86_64 | 0.0.3 | 42.00 | 410.00 | 452.00 | OK | |
r-patched-linux-x86_64 | 0.0.3 | 0.50 | 2.96 | 3.46 | ERROR | |
r-release-linux-x86_64 | 0.0.3 | 35.63 | 416.61 | 452.24 | OK | |
r-release-macos-arm64 | 0.0.3 | 129.00 | OK | |||
r-release-macos-x86_64 | 0.0.3 | 220.00 | OK | |||
r-release-windows-x86_64 | 0.0.3 | 51.00 | 400.00 | 451.00 | OK | |
r-oldrel-macos-arm64 | 0.0.3 | 90.00 | OK | |||
r-oldrel-macos-x86_64 | 0.0.3 | 116.00 | OK | |||
r-oldrel-windows-ix86+x86_64 | 0.0.3 | 103.00 | 413.00 | 516.00 | OK |
Version: 0.0.3
Check: package dependencies
Result: ERROR
Package required but not available: 'moveVis'
See section 'The DESCRIPTION file' in the 'Writing R Extensions'
manual.
Flavors: r-devel-linux-x86_64-debian-clang, r-patched-linux-x86_64