Last updated on 2022-08-15 08:50:07 CEST.
Flavor | Version | Tinstall | Tcheck | Ttotal | Status | Flags |
---|---|---|---|---|---|---|
r-devel-linux-x86_64-debian-clang | 0.3.3 | 108.00 | 234.01 | 342.01 | NOTE | |
r-devel-linux-x86_64-debian-gcc | 0.3.3 | 77.53 | 170.28 | 247.81 | NOTE | |
r-devel-linux-x86_64-fedora-clang | 0.3.3 | 432.37 | NOTE | |||
r-devel-linux-x86_64-fedora-gcc | 0.3.3 | 423.20 | NOTE | |||
r-devel-windows-x86_64 | 0.3.3 | 140.00 | 292.00 | 432.00 | NOTE | |
r-patched-linux-x86_64 | 0.3.3 | 70.46 | 220.42 | 290.88 | NOTE | |
r-release-linux-x86_64 | 0.3.3 | 64.82 | 226.67 | 291.49 | NOTE | |
r-release-macos-arm64 | 0.3.3 | 111.00 | NOTE | |||
r-release-macos-x86_64 | 0.3.3 | 199.00 | NOTE | |||
r-release-windows-x86_64 | 0.3.3 | 127.00 | 283.00 | 410.00 | NOTE | |
r-oldrel-macos-arm64 | 0.3.3 | 100.00 | NOTE | |||
r-oldrel-macos-x86_64 | 0.3.3 | 150.00 | NOTE | |||
r-oldrel-windows-ix86+x86_64 | 0.3.3 | 244.00 | 331.00 | 575.00 | NOTE |
Version: 0.3.3
Check: for GNU extensions in Makefiles
Result: NOTE
GNU make is a SystemRequirements.
Flavors: r-devel-linux-x86_64-debian-clang, r-devel-linux-x86_64-debian-gcc, r-devel-linux-x86_64-fedora-clang, r-devel-linux-x86_64-fedora-gcc, r-devel-windows-x86_64, r-patched-linux-x86_64, r-release-linux-x86_64, r-release-macos-arm64, r-release-macos-x86_64, r-release-windows-x86_64, r-oldrel-macos-arm64, r-oldrel-macos-x86_64, r-oldrel-windows-ix86+x86_64
Version: 0.3.3
Check: installed package size
Result: NOTE
installed size is 5.2Mb
sub-directories of 1Mb or more:
libs 3.5Mb
Flavor: r-oldrel-macos-arm64