Last updated on 2022-08-15 08:50:07 CEST.
Flavor | Version | Tinstall | Tcheck | Ttotal | Status | Flags |
---|---|---|---|---|---|---|
r-devel-linux-x86_64-debian-clang | 1.4-8 | 104.75 | 351.74 | 456.49 | NOTE | |
r-devel-linux-x86_64-debian-gcc | 1.4-8 | 83.89 | 254.85 | 338.74 | NOTE | |
r-devel-linux-x86_64-fedora-clang | 1.4-8 | 563.03 | NOTE | |||
r-devel-linux-x86_64-fedora-gcc | 1.4-8 | 566.07 | NOTE | |||
r-devel-windows-x86_64 | 1.4-8 | 169.00 | 370.00 | 539.00 | NOTE | |
r-patched-linux-x86_64 | 1.4-8 | 84.69 | 338.85 | 423.54 | OK | |
r-release-linux-x86_64 | 1.4-8 | 86.24 | 333.38 | 419.62 | OK | |
r-release-macos-arm64 | 1.4-8 | 105.00 | NOTE | |||
r-release-macos-x86_64 | 1.4-8 | 165.00 | NOTE | |||
r-release-windows-x86_64 | 1.4-8 | 192.00 | 373.00 | 565.00 | NOTE | |
r-oldrel-macos-arm64 | 1.4-8 | 105.00 | NOTE | |||
r-oldrel-macos-x86_64 | 1.4-8 | 166.00 | NOTE | |||
r-oldrel-windows-ix86+x86_64 | 1.4-8 | 188.00 | 395.00 | 583.00 | NOTE |
Version: 1.4-8
Check: Rd files
Result: NOTE
checkRd: (-1) sp500ret.Rd:6: Escaped LaTeX specials: \&
checkRd: (-1) spyreal.Rd:6: Escaped LaTeX specials: \&
Flavors: r-devel-linux-x86_64-debian-clang, r-devel-linux-x86_64-debian-gcc, r-devel-linux-x86_64-fedora-clang, r-devel-linux-x86_64-fedora-gcc, r-devel-windows-x86_64
Version: 1.4-8
Check: installed package size
Result: NOTE
installed size is 5.6Mb
sub-directories of 1Mb or more:
R 3.0Mb
Flavors: r-devel-linux-x86_64-fedora-clang, r-devel-windows-x86_64, r-release-macos-arm64, r-release-macos-x86_64, r-release-windows-x86_64, r-oldrel-macos-arm64, r-oldrel-macos-x86_64, r-oldrel-windows-ix86+x86_64