Last updated on 2022-08-15 08:50:07 CEST.
Flavor | Version | Tinstall | Tcheck | Ttotal | Status | Flags |
---|---|---|---|---|---|---|
r-devel-linux-x86_64-debian-clang | 0.3 | 267.22 | 418.72 | 685.94 | OK | |
r-devel-linux-x86_64-debian-gcc | 0.3 | 213.82 | 357.42 | 571.24 | OK | |
r-devel-linux-x86_64-fedora-clang | 0.3 | 897.09 | NOTE | |||
r-devel-linux-x86_64-fedora-gcc | 0.3 | 884.55 | OK | |||
r-devel-windows-x86_64 | 0.3 | 236.00 | 415.00 | 651.00 | NOTE | |
r-patched-linux-x86_64 | 0.3 | 223.10 | 460.45 | 683.55 | OK | |
r-release-linux-x86_64 | 0.3 | 237.04 | 460.64 | 697.68 | OK | |
r-release-macos-arm64 | 0.3 | 335.00 | NOTE | |||
r-release-macos-x86_64 | 0.3 | 491.00 | NOTE | |||
r-release-windows-x86_64 | 0.3 | 244.00 | 412.00 | 656.00 | NOTE | |
r-oldrel-macos-arm64 | 0.3 | 438.00 | NOTE | |||
r-oldrel-macos-x86_64 | 0.3 | 659.00 | NOTE | |||
r-oldrel-windows-ix86+x86_64 | 0.3 | 652.00 | 443.00 | 1095.00 | NOTE |
Version: 0.3
Check: installed package size
Result: NOTE
installed size is 5.0Mb
sub-directories of 1Mb or more:
data 3.8Mb
Flavors: r-devel-linux-x86_64-fedora-clang, r-devel-windows-x86_64, r-release-macos-arm64, r-release-macos-x86_64, r-release-windows-x86_64, r-oldrel-macos-arm64, r-oldrel-macos-x86_64, r-oldrel-windows-ix86+x86_64