Last updated on 2022-08-15 08:50:07 CEST.
Flavor | Version | Tinstall | Tcheck | Ttotal | Status | Flags |
---|---|---|---|---|---|---|
r-devel-linux-x86_64-debian-clang | 0.1.1 | 4.46 | 67.51 | 71.97 | NOTE | |
r-devel-linux-x86_64-debian-gcc | 0.1.1 | 3.75 | 50.02 | 53.77 | NOTE | |
r-devel-linux-x86_64-fedora-clang | 0.1.1 | 94.63 | NOTE | |||
r-devel-linux-x86_64-fedora-gcc | 0.1.1 | 93.11 | NOTE | |||
r-devel-windows-x86_64 | 0.1.1 | 20.00 | 96.00 | 116.00 | NOTE | |
r-patched-linux-x86_64 | 0.1.1 | 8.32 | 63.95 | 72.27 | NOTE | |
r-release-linux-x86_64 | 0.1.1 | 2.73 | 63.90 | 66.63 | NOTE | |
r-release-macos-arm64 | 0.1.1 | 27.00 | NOTE | |||
r-release-macos-x86_64 | 0.1.1 | 52.00 | NOTE | |||
r-release-windows-x86_64 | 0.1.1 | 22.00 | 92.00 | 114.00 | NOTE | |
r-oldrel-macos-arm64 | 0.1.1 | 35.00 | NOTE | |||
r-oldrel-macos-x86_64 | 0.1.1 | 41.00 | NOTE | |||
r-oldrel-windows-ix86+x86_64 | 0.1.1 | 9.00 | 87.00 | 96.00 | NOTE |
Version: 0.1.1
Check: LazyData
Result: NOTE
'LazyData' is specified without a 'data' directory
Flavors: r-devel-linux-x86_64-debian-clang, r-devel-linux-x86_64-debian-gcc, r-devel-linux-x86_64-fedora-clang, r-devel-linux-x86_64-fedora-gcc, r-devel-windows-x86_64, r-patched-linux-x86_64, r-release-linux-x86_64, r-release-macos-arm64, r-release-macos-x86_64, r-release-windows-x86_64, r-oldrel-macos-arm64, r-oldrel-macos-x86_64, r-oldrel-windows-ix86+x86_64