Last updated on 2022-08-15 08:50:07 CEST.
Flavor | Version | Tinstall | Tcheck | Ttotal | Status | Flags |
---|---|---|---|---|---|---|
r-devel-linux-x86_64-debian-clang | 0.2.4 | 6.98 | 76.57 | 83.55 | NOTE | |
r-devel-linux-x86_64-debian-gcc | 0.2.4 | 4.98 | 55.83 | 60.81 | NOTE | |
r-devel-linux-x86_64-fedora-clang | 0.2.4 | 104.72 | NOTE | |||
r-devel-linux-x86_64-fedora-gcc | 0.2.4 | 104.24 | NOTE | |||
r-devel-windows-x86_64 | 0.2.4 | 21.00 | 109.00 | 130.00 | NOTE | |
r-patched-linux-x86_64 | 0.2.4 | 9.79 | 70.99 | 80.78 | NOTE | |
r-release-linux-x86_64 | 0.2.4 | 3.59 | 70.95 | 74.54 | NOTE | |
r-release-macos-arm64 | 0.2.4 | 32.00 | NOTE | |||
r-release-macos-x86_64 | 0.2.4 | 57.00 | NOTE | |||
r-release-windows-x86_64 | 0.2.4 | 14.00 | 106.00 | 120.00 | NOTE | |
r-oldrel-macos-arm64 | 0.2.4 | 33.00 | NOTE | |||
r-oldrel-macos-x86_64 | 0.2.4 | 54.00 | NOTE | |||
r-oldrel-windows-ix86+x86_64 | 0.2.4 | 14.00 | 95.00 | 109.00 | NOTE |
Version: 0.2.4
Check: LazyData
Result: NOTE
'LazyData' is specified without a 'data' directory
Flavors: r-devel-linux-x86_64-debian-clang, r-devel-linux-x86_64-debian-gcc, r-devel-linux-x86_64-fedora-clang, r-devel-linux-x86_64-fedora-gcc, r-devel-windows-x86_64, r-patched-linux-x86_64, r-release-linux-x86_64, r-release-macos-arm64, r-release-macos-x86_64, r-release-windows-x86_64, r-oldrel-macos-arm64, r-oldrel-macos-x86_64, r-oldrel-windows-ix86+x86_64