Last updated on 2022-08-15 08:50:07 CEST.
Flavor | Version | Tinstall | Tcheck | Ttotal | Status | Flags |
---|---|---|---|---|---|---|
r-devel-linux-x86_64-debian-clang | 1.1.0 | 2.55 | 35.59 | 38.14 | NOTE | |
r-devel-linux-x86_64-debian-gcc | 1.1.0 | 2.30 | 27.17 | 29.47 | NOTE | |
r-devel-linux-x86_64-fedora-clang | 1.1.0 | 57.55 | NOTE | |||
r-devel-linux-x86_64-fedora-gcc | 1.1.0 | 56.11 | NOTE | |||
r-devel-windows-x86_64 | 1.1.0 | 126.00 | 70.00 | 196.00 | NOTE | |
r-patched-linux-x86_64 | 1.1.0 | 3.16 | 33.84 | 37.00 | NOTE | |
r-release-linux-x86_64 | 1.1.0 | 2.78 | 34.00 | 36.78 | NOTE | |
r-release-macos-arm64 | 1.1.0 | 24.00 | NOTE | |||
r-release-macos-x86_64 | 1.1.0 | 36.00 | NOTE | |||
r-release-windows-x86_64 | 1.1.0 | 121.00 | 65.00 | 186.00 | NOTE | |
r-oldrel-macos-arm64 | 1.1.0 | 21.00 | NOTE | |||
r-oldrel-macos-x86_64 | 1.1.0 | 35.00 | NOTE | |||
r-oldrel-windows-ix86+x86_64 | 1.1.0 | 7.00 | 55.00 | 62.00 | NOTE |
Version: 1.1.0
Check: LazyData
Result: NOTE
'LazyData' is specified without a 'data' directory
Flavors: r-devel-linux-x86_64-debian-clang, r-devel-linux-x86_64-debian-gcc, r-devel-linux-x86_64-fedora-clang, r-devel-linux-x86_64-fedora-gcc, r-devel-windows-x86_64, r-patched-linux-x86_64, r-release-linux-x86_64, r-release-macos-arm64, r-release-macos-x86_64, r-release-windows-x86_64, r-oldrel-macos-arm64, r-oldrel-macos-x86_64, r-oldrel-windows-ix86+x86_64
Version: 1.1.0
Check: installed package size
Result: NOTE
installed size is 5.3Mb
sub-directories of 1Mb or more:
doc 4.7Mb
Flavors: r-devel-linux-x86_64-fedora-clang, r-devel-windows-x86_64, r-release-macos-arm64, r-release-macos-x86_64, r-release-windows-x86_64, r-oldrel-macos-arm64, r-oldrel-macos-x86_64, r-oldrel-windows-ix86+x86_64