Last updated on 2022-08-15 08:50:07 CEST.
Flavor | Version | Tinstall | Tcheck | Ttotal | Status | Flags |
---|---|---|---|---|---|---|
r-devel-linux-x86_64-debian-clang | 0.1.2 | 3.79 | 40.95 | 44.74 | NOTE | |
r-devel-linux-x86_64-debian-gcc | 0.1.2 | 3.12 | 30.96 | 34.08 | NOTE | |
r-devel-linux-x86_64-fedora-clang | 0.1.2 | 64.69 | NOTE | |||
r-devel-linux-x86_64-fedora-gcc | 0.1.2 | 64.54 | NOTE | |||
r-devel-windows-x86_64 | 0.1.2 | 17.00 | 68.00 | 85.00 | NOTE | |
r-patched-linux-x86_64 | 0.1.2 | 4.13 | 39.10 | 43.23 | OK | |
r-release-linux-x86_64 | 0.1.2 | 2.56 | 39.58 | 42.14 | OK | |
r-release-macos-arm64 | 0.1.2 | 18.00 | OK | |||
r-release-macos-x86_64 | 0.1.2 | 28.00 | OK | |||
r-release-windows-x86_64 | 0.1.2 | 14.00 | 63.00 | 77.00 | OK | |
r-oldrel-macos-arm64 | 0.1.2 | 22.00 | OK | |||
r-oldrel-macos-x86_64 | 0.1.2 | 37.00 | OK | |||
r-oldrel-windows-ix86+x86_64 | 0.1.2 | 8.00 | 63.00 | 71.00 | OK |
Version: 0.1.2
Check: package subdirectories
Result: NOTE
Problems with news in 'NEWS.md':
No news entries found.
Flavors: r-devel-linux-x86_64-debian-clang, r-devel-linux-x86_64-debian-gcc, r-devel-linux-x86_64-fedora-clang, r-devel-linux-x86_64-fedora-gcc, r-devel-windows-x86_64